CRAN Package Check Results for Package bunchr

Last updated on 2025-10-22 09:50:28 CEST.

Flavor Version Tinstall Tcheck Ttotal Status Flags
r-devel-linux-x86_64-debian-clang 1.2.0 2.08 431.83 433.91 NOTE
r-devel-linux-x86_64-debian-gcc 1.2.0 1.97 281.77 283.74 NOTE
r-devel-linux-x86_64-fedora-clang 1.2.0 12.00 732.51 744.51 NOTE
r-devel-linux-x86_64-fedora-gcc 1.2.0 697.45 NOTE
r-devel-windows-x86_64 1.2.0 5.00 278.00 283.00 NOTE --no-vignettes
r-patched-linux-x86_64 1.2.0 2.78 416.21 418.99 NOTE
r-release-linux-x86_64 1.2.0 2.59 414.52 417.11 NOTE
r-release-macos-arm64 1.2.0 2.00 218.00 220.00 NOTE
r-release-macos-x86_64 1.2.0 2.00 504.00 506.00 NOTE
r-release-windows-x86_64 1.2.0 6.00 285.00 291.00 NOTE --no-vignettes
r-oldrel-macos-arm64 1.2.0 1.00 182.00 183.00 NOTE
r-oldrel-macos-x86_64 1.2.0 2.00 316.00 318.00 NOTE
r-oldrel-windows-x86_64 1.2.0 5.00 331.00 336.00 NOTE --no-vignettes

Check Details

Version: 1.2.0
Check: Rd files
Result: NOTE checkRd: (-1) kink_estimator.Rd:60: Escaped LaTeX specials: \$ Flavors: r-devel-linux-x86_64-debian-clang, r-devel-linux-x86_64-debian-gcc, r-devel-linux-x86_64-fedora-clang, r-devel-linux-x86_64-fedora-gcc, r-patched-linux-x86_64, r-release-linux-x86_64, r-release-macos-arm64, r-release-macos-x86_64, r-oldrel-macos-arm64, r-oldrel-macos-x86_64

Version: 1.2.0
Flags: --no-vignettes
Check: Rd files
Result: NOTE checkRd: (-1) kink_estimator.Rd:60: Escaped LaTeX specials: \$ Flavors: r-devel-windows-x86_64, r-release-windows-x86_64, r-oldrel-windows-x86_64

Version: 1.2.0
Check: LazyData
Result: NOTE 'LazyData' is specified without a 'data' directory Flavors: r-oldrel-macos-arm64, r-oldrel-macos-x86_64

Version: 1.2.0
Flags: --no-vignettes
Check: LazyData
Result: NOTE 'LazyData' is specified without a 'data' directory Flavor: r-oldrel-windows-x86_64