Last updated on 2025-10-22 09:50:28 CEST.
Flavor | Version | Tinstall | Tcheck | Ttotal | Status | Flags |
---|---|---|---|---|---|---|
r-devel-linux-x86_64-debian-clang | 0.6.0 | 2.73 | 24.89 | 27.62 | NOTE | |
r-devel-linux-x86_64-debian-gcc | 0.6.0 | 1.86 | 20.21 | 22.07 | NOTE | |
r-devel-linux-x86_64-fedora-clang | 0.6.0 | 41.13 | OK | |||
r-devel-linux-x86_64-fedora-gcc | 0.6.0 | 39.24 | OK | |||
r-devel-windows-x86_64 | 0.6.0 | 4.00 | 44.00 | 48.00 | OK | |
r-patched-linux-x86_64 | 0.6.0 | 2.78 | 23.35 | 26.13 | OK | |
r-release-linux-x86_64 | 0.6.0 | 2.75 | 23.75 | 26.50 | OK | |
r-release-macos-arm64 | 0.6.0 | 2.00 | 20.00 | 22.00 | OK | |
r-release-macos-x86_64 | 0.6.0 | 3.00 | 28.00 | 31.00 | OK | |
r-release-windows-x86_64 | 0.6.0 | 4.00 | 45.00 | 49.00 | OK | |
r-oldrel-macos-arm64 | 0.6.0 | 1.00 | 19.00 | 20.00 | NOTE | |
r-oldrel-macos-x86_64 | 0.6.0 | 2.00 | 25.00 | 27.00 | NOTE | |
r-oldrel-windows-x86_64 | 0.6.0 | 6.00 | 51.00 | 57.00 | NOTE |
Version: 0.6.0
Check: HTML version of manual
Result: NOTE
Found the following HTML validation problems:
FileCabinet.html:128:1 (FileCabinet.Rd:79): Warning: <h5> anchor "Usage" already defined
FileCabinet.html:134:1 (FileCabinet.Rd:83): Warning: <h5> anchor "Details" already defined
FileCabinet.html:151:1 (FileCabinet.Rd:93): Warning: <h5> anchor "Usage" already defined
FileCabinet.html:157:1 (FileCabinet.Rd:97): Warning: <h5> anchor "Arguments" already defined
delete_cabinet.html:46:1 (delete_cabinet.Rd:10): Warning: missing </ul> before </div>
Flavors: r-devel-linux-x86_64-debian-clang, r-devel-linux-x86_64-debian-gcc
Version: 0.6.0
Check: LazyData
Result: NOTE
'LazyData' is specified without a 'data' directory
Flavors: r-oldrel-macos-arm64, r-oldrel-macos-x86_64, r-oldrel-windows-x86_64