Last updated on 2025-10-22 09:50:28 CEST.
Flavor | Version | Tinstall | Tcheck | Ttotal | Status | Flags |
---|---|---|---|---|---|---|
r-devel-linux-x86_64-debian-clang | 0.9.1 | 9.65 | 74.57 | 84.22 | NOTE | |
r-devel-linux-x86_64-debian-gcc | 0.9.1 | 6.38 | 54.38 | 60.76 | NOTE | |
r-devel-linux-x86_64-fedora-clang | 0.9.1 | 16.00 | 108.08 | 124.08 | NOTE | |
r-devel-linux-x86_64-fedora-gcc | 0.9.1 | 35.00 | 93.35 | 128.35 | NOTE | |
r-devel-windows-x86_64 | 0.9.1 | 12.00 | 85.00 | 97.00 | NOTE | |
r-patched-linux-x86_64 | 0.9.1 | 8.40 | 69.78 | 78.18 | NOTE | |
r-release-linux-x86_64 | 0.9.1 | 8.16 | 70.07 | 78.23 | NOTE | |
r-release-macos-arm64 | 0.9.1 | 4.00 | 35.00 | 39.00 | NOTE | |
r-release-macos-x86_64 | 0.9.1 | 13.00 | 91.00 | 104.00 | NOTE | |
r-release-windows-x86_64 | 0.9.1 | 11.00 | 87.00 | 98.00 | NOTE | |
r-oldrel-macos-arm64 | 0.9.1 | 4.00 | 30.00 | 34.00 | NOTE | |
r-oldrel-macos-x86_64 | 0.9.1 | 12.00 | 76.00 | 88.00 | NOTE | |
r-oldrel-windows-x86_64 | 0.9.1 | 13.00 | 104.00 | 117.00 | NOTE |
Version: 0.9.1
Check: Rd files
Result: NOTE
checkRd: (-1) tpcExample.Rd:30: Escaped LaTeX specials: \&
Flavors: r-devel-linux-x86_64-debian-clang, r-devel-linux-x86_64-debian-gcc, r-devel-linux-x86_64-fedora-clang, r-devel-linux-x86_64-fedora-gcc, r-devel-windows-x86_64, r-patched-linux-x86_64, r-release-linux-x86_64, r-release-macos-arm64, r-release-macos-x86_64, r-release-windows-x86_64, r-oldrel-macos-arm64, r-oldrel-macos-x86_64, r-oldrel-windows-x86_64
Version: 0.9.1
Check: HTML version of manual
Result: NOTE
Found the following HTML validation problems:
graph2amat.html:46:1 (graph2amat.Rd:10): Warning: missing </ul> before </div>
Flavors: r-devel-linux-x86_64-debian-clang, r-devel-linux-x86_64-debian-gcc