Last updated on 2025-07-04 09:49:47 CEST.
Flavor | Version | Tinstall | Tcheck | Ttotal | Status | Flags |
---|---|---|---|---|---|---|
r-devel-linux-x86_64-debian-clang | 0.2.0.4 | 1520.41 | 182.41 | 1702.82 | OK | |
r-devel-linux-x86_64-debian-gcc | 0.2.0.4 | 1367.11 | 235.53 | 1602.64 | OK | |
r-devel-linux-x86_64-fedora-clang | 0.2.0.4 | 2591.48 | OK | |||
r-devel-linux-x86_64-fedora-gcc | 0.2.0.4 | 3639.76 | OK | |||
r-devel-windows-x86_64 | 0.2.0.4 | 1658.00 | 331.00 | 1989.00 | OK | |
r-patched-linux-x86_64 | 0.2.0.4 | 1887.23 | 336.30 | 2223.53 | OK | |
r-release-linux-x86_64 | 0.2.0.4 | 1839.84 | 338.37 | 2178.21 | OK | |
r-release-macos-arm64 | 0.2.0.4 | 639.00 | OK | |||
r-release-macos-x86_64 | 0.2.0.4 | 521.00 | OK | |||
r-release-windows-x86_64 | 0.2.0.4 | 1687.00 | 330.00 | 2017.00 | OK | |
r-oldrel-macos-arm64 | 0.2.0.4 | 461.00 | NOTE | |||
r-oldrel-macos-x86_64 | 0.2.0.4 | 547.00 | NOTE | |||
r-oldrel-windows-x86_64 | 0.2.0.4 | 1908.00 | 401.00 | 2309.00 | NOTE |
Version: 0.2.0.4
Check: installed package size
Result: NOTE
installed size is 168.4Mb
sub-directories of 1Mb or more:
libs 167.9Mb
Flavors: r-oldrel-macos-arm64, r-oldrel-macos-x86_64, r-oldrel-windows-x86_64
Version: 0.2.0.4
Check: for GNU extensions in Makefiles
Result: NOTE
GNU make is a SystemRequirements.
Flavors: r-oldrel-macos-arm64, r-oldrel-macos-x86_64, r-oldrel-windows-x86_64