Last updated on 2025-10-22 09:50:28 CEST.
Flavor | Version | Tinstall | Tcheck | Ttotal | Status | Flags |
---|---|---|---|---|---|---|
r-devel-linux-x86_64-debian-clang | 0.2.6 | 2.87 | 72.36 | 75.23 | NOTE | |
r-devel-linux-x86_64-debian-gcc | 0.2.6 | 2.59 | 47.54 | 50.13 | NOTE | |
r-devel-linux-x86_64-fedora-clang | 0.2.6 | 94.11 | OK | |||
r-devel-linux-x86_64-fedora-gcc | 0.2.6 | 115.30 | OK | |||
r-devel-windows-x86_64 | 0.2.6 | 6.00 | 80.00 | 86.00 | OK | |
r-patched-linux-x86_64 | 0.2.6 | 4.26 | 67.69 | 71.95 | OK | |
r-release-linux-x86_64 | 0.2.6 | 3.79 | 66.93 | 70.72 | OK | |
r-release-macos-arm64 | 0.2.6 | 2.00 | 35.00 | 37.00 | OK | |
r-release-macos-x86_64 | 0.2.6 | 5.00 | 95.00 | 100.00 | OK | |
r-release-windows-x86_64 | 0.2.6 | 8.00 | 82.00 | 90.00 | OK | |
r-oldrel-macos-arm64 | 0.2.6 | 2.00 | 33.00 | 35.00 | OK | |
r-oldrel-macos-x86_64 | 0.2.6 | 4.00 | 91.00 | 95.00 | OK | |
r-oldrel-windows-x86_64 | 0.2.6 | 7.00 | 104.00 | 111.00 | OK |
Version: 0.2.6
Check: HTML version of manual
Result: NOTE
Found the following HTML validation problems:
MNCI.html:46:1 (MNCI.Rd:10): Warning: missing </ul> before </div>
gamma_hat_scaled.html:46:1 (gamma_hat_scaled.Rd:10): Warning: missing </ul> before </div>
Flavors: r-devel-linux-x86_64-debian-clang, r-devel-linux-x86_64-debian-gcc