CRAN Package Check Results for Package cdcatR

Last updated on 2025-10-22 09:50:28 CEST.

Flavor Version Tinstall Tcheck Ttotal Status Flags
r-devel-linux-x86_64-debian-clang 1.0.6 14.92 125.39 140.31 NOTE
r-devel-linux-x86_64-debian-gcc 1.0.6 9.08 88.53 97.61 NOTE
r-devel-linux-x86_64-fedora-clang 1.0.6 20.00 143.17 163.17 NOTE
r-devel-linux-x86_64-fedora-gcc 1.0.6 35.00 183.31 218.31 NOTE
r-devel-windows-x86_64 1.0.6 16.00 119.00 135.00 NOTE
r-patched-linux-x86_64 1.0.6 14.30 119.61 133.91 NOTE
r-release-linux-x86_64 1.0.6 13.09 121.11 134.20 NOTE
r-release-macos-arm64 1.0.6 7.00 52.00 59.00 NOTE
r-release-macos-x86_64 1.0.6 13.00 94.00 107.00 NOTE
r-release-windows-x86_64 1.0.6 16.00 118.00 134.00 NOTE
r-oldrel-macos-arm64 1.0.6 7.00 54.00 61.00 NOTE
r-oldrel-macos-x86_64 1.0.6 10.00 74.00 84.00 NOTE
r-oldrel-windows-x86_64 1.0.6 23.00 160.00 183.00 NOTE

Check Details

Version: 1.0.6
Check: package subdirectories
Result: NOTE Problems with news in ‘NEWS.md’: No news entries found. Flavors: r-devel-linux-x86_64-debian-clang, r-devel-linux-x86_64-debian-gcc, r-devel-linux-x86_64-fedora-clang, r-devel-linux-x86_64-fedora-gcc, r-devel-windows-x86_64, r-patched-linux-x86_64, r-release-linux-x86_64, r-release-macos-arm64, r-release-macos-x86_64, r-release-windows-x86_64, r-oldrel-macos-arm64, r-oldrel-macos-x86_64, r-oldrel-windows-x86_64