Last updated on 2025-10-22 09:50:28 CEST.
Flavor | Version | Tinstall | Tcheck | Ttotal | Status | Flags |
---|---|---|---|---|---|---|
r-devel-linux-x86_64-debian-clang | 0.1.0 | 8.11 | 50.29 | 58.40 | NOTE | |
r-devel-linux-x86_64-debian-gcc | 0.1.0 | 5.21 | 37.25 | 42.46 | NOTE | |
r-devel-linux-x86_64-fedora-clang | 0.1.0 | 10.00 | 59.09 | 69.09 | NOTE | |
r-devel-linux-x86_64-fedora-gcc | 0.1.0 | 19.00 | 65.43 | 84.43 | NOTE | |
r-devel-windows-x86_64 | 0.1.0 | 9.00 | 69.00 | 78.00 | OK | |
r-patched-linux-x86_64 | 0.1.0 | 8.12 | 47.65 | 55.77 | NOTE | |
r-release-linux-x86_64 | 0.1.0 | 7.71 | 47.06 | 54.77 | NOTE | |
r-release-macos-arm64 | 0.1.0 | 3.00 | 27.00 | 30.00 | OK | |
r-release-macos-x86_64 | 0.1.0 | 6.00 | 50.00 | 56.00 | OK | |
r-release-windows-x86_64 | 0.1.0 | 7.00 | 71.00 | 78.00 | OK | |
r-oldrel-macos-arm64 | 0.1.0 | 3.00 | 29.00 | 32.00 | OK | |
r-oldrel-macos-x86_64 | 0.1.0 | 8.00 | 39.00 | 47.00 | OK | |
r-oldrel-windows-x86_64 | 0.1.0 | 7.00 | 84.00 | 91.00 | OK |
Version: 0.1.0
Check: HTML version of manual
Result: NOTE
Found the following HTML validation problems:
KeepLexOrder.html:54:1 (KeepLexOrder.Rd:14): Warning: missing </ul> before </div>
StratifiedEventTreeGraph.html:48:1 (StratifiedEventTreeGraph.Rd:12): Warning: missing </ul> before </div>
TruncatedPath.html:67:1 (TruncatedPath.Rd:20): Warning: missing </ul> before </div>
Flavors: r-devel-linux-x86_64-debian-clang, r-devel-linux-x86_64-debian-gcc
Version: 0.1.0
Check: for non-standard things in the check directory
Result: NOTE
Found the following files/directories:
‘figure01ceg.pdf’ ‘figure02ceg.pdf’ ‘staged.tree.graph.pdf’
‘stratified-event-tree-plot.pdf’
Flavors: r-devel-linux-x86_64-debian-clang, r-devel-linux-x86_64-debian-gcc, r-devel-linux-x86_64-fedora-clang, r-devel-linux-x86_64-fedora-gcc, r-patched-linux-x86_64, r-release-linux-x86_64