CRAN Package Check Results for Package cemco

Last updated on 2025-07-04 09:49:47 CEST.

Flavor Version Tinstall Tcheck Ttotal Status Flags
r-devel-linux-x86_64-debian-clang 0.2 2.03 29.20 31.23 NOTE
r-devel-linux-x86_64-debian-gcc 0.2 1.82 22.15 23.97 NOTE
r-devel-linux-x86_64-fedora-clang 0.2 49.05 OK
r-devel-linux-x86_64-fedora-gcc 0.2 42.56 OK
r-devel-windows-x86_64 0.2 3.00 53.00 56.00 OK
r-patched-linux-x86_64 0.2 2.55 27.56 30.11 OK
r-release-linux-x86_64 0.2 2.37 27.65 30.02 OK
r-release-macos-arm64 0.2 21.00 OK
r-release-macos-x86_64 0.2 43.00 OK
r-release-windows-x86_64 0.2 3.00 55.00 58.00 OK
r-oldrel-macos-arm64 0.2 19.00 OK
r-oldrel-macos-x86_64 0.2 28.00 OK
r-oldrel-windows-x86_64 0.2 4.00 65.00 69.00 OK

Check Details

Version: 0.2
Check: CRAN incoming feasibility
Result: NOTE Maintainer: ‘Andre Fujita <andrefujita@usp.br>’ The Description field contains structures (Relvas C. & Fujita A., (2020) <arXiv:2004.02333>). Please refer to arXiv e-prints via their arXiv DOI <doi:10.48550/arXiv.YYMM.NNNNN>. Flavors: r-devel-linux-x86_64-debian-clang, r-devel-linux-x86_64-debian-gcc