CRAN Package Check Results for Package chopthin

Last updated on 2025-10-22 09:50:29 CEST.

Flavor Version Tinstall Tcheck Ttotal Status Flags
r-devel-linux-x86_64-debian-clang 0.2.2 11.53 25.75 37.28 NOTE
r-devel-linux-x86_64-debian-gcc 0.2.2 7.62 20.36 27.98 NOTE
r-devel-linux-x86_64-fedora-clang 0.2.2 17.00 29.27 46.27 OK
r-devel-linux-x86_64-fedora-gcc 0.2.2 18.00 39.42 57.42 OK
r-devel-windows-x86_64 0.2.2 15.00 56.00 71.00 OK
r-patched-linux-x86_64 0.2.2 10.93 24.35 35.28 OK
r-release-linux-x86_64 0.2.2 11.08 24.29 35.37 OK
r-release-macos-arm64 0.2.2 5.00 17.00 22.00 OK
r-release-macos-x86_64 0.2.2 9.00 28.00 37.00 OK
r-release-windows-x86_64 0.2.2 15.00 61.00 76.00 OK
r-oldrel-macos-arm64 0.2.2 6.00 21.00 27.00 OK
r-oldrel-macos-x86_64 0.2.2 8.00 25.00 33.00 OK
r-oldrel-windows-x86_64 0.2.2 14.00 71.00 85.00 OK

Check Details

Version: 0.2.2
Check: CRAN incoming feasibility
Result: NOTE Maintainer: ‘Axel Gandy <a.gandy@imperial.ac.uk>’ No Authors@R field in DESCRIPTION. Please add one, modifying Authors@R: c(person(given = "Axel", family = "Gandy", role = c("aut", "cre"), email = "a.gandy@imperial.ac.uk"), person(given = c("F.", "Din-Houn"), family = "Lau", role = "aut")) as necessary. Flavors: r-devel-linux-x86_64-debian-clang, r-devel-linux-x86_64-debian-gcc