Last updated on 2025-07-04 09:49:47 CEST.
Flavor | Version | Tinstall | Tcheck | Ttotal | Status | Flags |
---|---|---|---|---|---|---|
r-devel-linux-x86_64-debian-clang | 0.4-1 | 4.71 | 45.87 | 50.58 | OK | |
r-devel-linux-x86_64-debian-gcc | 0.4-1 | 3.03 | 33.35 | 36.38 | OK | |
r-devel-linux-x86_64-fedora-clang | 0.4-1 | 77.00 | OK | |||
r-devel-linux-x86_64-fedora-gcc | 0.4-1 | 86.21 | OK | |||
r-devel-windows-x86_64 | 0.4-1 | 7.00 | 63.00 | 70.00 | OK | |
r-patched-linux-x86_64 | 0.4-1 | 5.05 | 41.76 | 46.81 | OK | |
r-release-linux-x86_64 | 0.4-1 | 4.49 | 41.98 | 46.47 | OK | |
r-release-macos-arm64 | 0.4-1 | 30.00 | OK | |||
r-release-macos-x86_64 | 0.4-1 | 62.00 | OK | |||
r-release-windows-x86_64 | 0.4-1 | 7.00 | 63.00 | 70.00 | OK | |
r-oldrel-macos-arm64 | 0.4-1 | 39.00 | NOTE | |||
r-oldrel-macos-x86_64 | 0.4-1 | 46.00 | NOTE | |||
r-oldrel-windows-x86_64 | 0.4-1 | 9.00 | 74.00 | 83.00 | NOTE |
Version: 0.4-1
Check: LazyData
Result: NOTE
'LazyData' is specified without a 'data' directory
Flavors: r-oldrel-macos-arm64, r-oldrel-macos-x86_64, r-oldrel-windows-x86_64