Last updated on 2025-10-22 09:50:29 CEST.
Flavor | Version | Tinstall | Tcheck | Ttotal | Status | Flags |
---|---|---|---|---|---|---|
r-devel-linux-x86_64-debian-clang | 2.5.2 | 28.93 | 173.24 | 202.17 | NOTE | |
r-devel-linux-x86_64-debian-gcc | 2.5.2 | 23.90 | 121.50 | 145.40 | NOTE | |
r-devel-linux-x86_64-fedora-clang | 2.5.2 | 36.00 | 193.79 | 229.79 | OK | |
r-devel-linux-x86_64-fedora-gcc | 2.5.2 | 60.00 | 236.62 | 296.62 | OK | |
r-devel-windows-x86_64 | 2.5.2 | 25.00 | 169.00 | 194.00 | OK | |
r-patched-linux-x86_64 | 2.5.2 | 32.83 | 163.10 | 195.93 | OK | |
r-release-linux-x86_64 | 2.5.2 | 30.57 | 160.03 | 190.60 | OK | |
r-release-macos-arm64 | 2.5.2 | 9.00 | 62.00 | 71.00 | OK | |
r-release-macos-x86_64 | 2.5.2 | 20.00 | 133.00 | 153.00 | OK | |
r-release-windows-x86_64 | 2.5.2 | 28.00 | 171.00 | 199.00 | OK | |
r-oldrel-macos-arm64 | 2.5.2 | 11.00 | 67.00 | 78.00 | OK | |
r-oldrel-macos-x86_64 | 2.5.2 | 18.00 | 143.00 | 161.00 | OK | |
r-oldrel-windows-x86_64 | 2.5.2 | 35.00 | 213.00 | 248.00 | OK |
Version: 2.5.2
Check: HTML version of manual
Result: NOTE
Found the following HTML validation problems:
print.emaxsimBobj.html:63:1 (print.emaxsimBobj.Rd:21): Warning: missing </ul> before </div>
print.fitEmax.html:57:1 (print.fitEmax.Rd:18): Warning: missing </ul> before </div>
print.fitEmaxB.html:57:1 (print.fitEmaxB.Rd:18): Warning: missing </ul> before </div>
summary.fitEmax.html:57:1 (summary.fitEmax.Rd:18): Warning: missing </ul> before </div>
summary.fitEmaxB.html:57:1 (summary.fitEmaxB.Rd:18): Warning: missing </ul> before </div>
Flavors: r-devel-linux-x86_64-debian-clang, r-devel-linux-x86_64-debian-gcc