Last updated on 2025-10-22 09:50:29 CEST.
Flavor | Version | Tinstall | Tcheck | Ttotal | Status | Flags |
---|---|---|---|---|---|---|
r-devel-linux-x86_64-debian-clang | 0.9.9 | 45.07 | 76.76 | 121.83 | NOTE | |
r-devel-linux-x86_64-debian-gcc | 0.9.9 | 35.18 | 63.10 | 98.28 | NOTE | |
r-devel-linux-x86_64-fedora-clang | 0.9.9 | 52.00 | 111.39 | 163.39 | NOTE | |
r-devel-linux-x86_64-fedora-gcc | 0.9.9 | 70.00 | 150.73 | 220.73 | NOTE | |
r-devel-windows-x86_64 | 0.9.9 | 67.00 | 109.00 | 176.00 | OK | |
r-patched-linux-x86_64 | 0.9.9 | 49.24 | 72.97 | 122.21 | OK | |
r-release-linux-x86_64 | 0.9.9 | 49.33 | 72.33 | 121.66 | OK | |
r-release-macos-arm64 | 0.9.9 | 23.00 | 65.00 | 88.00 | OK | |
r-release-macos-x86_64 | 0.9.9 | 26.00 | 104.00 | 130.00 | OK | |
r-release-windows-x86_64 | 0.9.9 | 66.00 | 108.00 | 174.00 | OK | |
r-oldrel-macos-arm64 | 0.9.9 | 22.00 | 71.00 | 93.00 | NOTE | |
r-oldrel-macos-x86_64 | 0.9.9 | 38.00 | 109.00 | 147.00 | NOTE | |
r-oldrel-windows-x86_64 | 0.9.9 | 75.00 | 135.00 | 210.00 | OK |
Version: 0.9.9
Check: HTML version of manual
Result: NOTE
Found the following HTML validation problems:
cmq_foreach.html:65:1 (cmq_foreach.Rd:23): Warning: missing </ul> before </div>
dot-onAttach.html:50:1 (dot-onAttach.Rd:12): Warning: missing </ul> before </div>
dot-onLoad.html:51:1 (dot-onLoad.Rd:12): Warning: missing </ul> before </div>
register_dopar_cmq.html:46:1 (register_dopar_cmq.Rd:10): Warning: missing </ul> before </div>
ssh_proxy.html:51:1 (ssh_proxy.Rd:13): Warning: missing </ul> before </div>
summarize_result.html:73:1 (summarize_result.Rd:27): Warning: missing </ul> before </div>
worker.html:58:1 (worker.Rd:16): Warning: missing </ul> before </div>
Flavors: r-devel-linux-x86_64-debian-clang, r-devel-linux-x86_64-debian-gcc
Version: 0.9.9
Check: dependencies in R code
Result: NOTE
Namespace in Imports field not imported from: ‘R6’
All declared Imports should be used.
Flavors: r-devel-linux-x86_64-fedora-clang, r-devel-linux-x86_64-fedora-gcc
Version: 0.9.9
Check: installed package size
Result: NOTE
installed size is 17.0Mb
sub-directories of 1Mb or more:
libs 16.4Mb
Flavors: r-oldrel-macos-arm64, r-oldrel-macos-x86_64