Last updated on 2025-10-22 09:50:29 CEST.
Flavor | Version | Tinstall | Tcheck | Ttotal | Status | Flags |
---|---|---|---|---|---|---|
r-devel-linux-x86_64-debian-clang | 0.10.0 | 9.93 | 232.54 | 242.47 | NOTE | |
r-devel-linux-x86_64-debian-gcc | 0.10.0 | 6.93 | 157.01 | 163.94 | NOTE | |
r-devel-linux-x86_64-fedora-clang | 0.10.0 | 11.00 | 297.12 | 308.12 | NOTE | |
r-devel-linux-x86_64-fedora-gcc | 0.10.0 | 19.00 | 394.08 | 413.08 | NOTE | |
r-devel-windows-x86_64 | 0.10.0 | 10.00 | 194.00 | 204.00 | NOTE | |
r-patched-linux-x86_64 | 0.10.0 | 9.84 | 234.77 | 244.61 | NOTE | |
r-release-linux-x86_64 | 0.10.0 | 7.93 | 229.27 | 237.20 | NOTE | |
r-release-macos-arm64 | 0.10.0 | 3.00 | 81.00 | 84.00 | NOTE | |
r-release-macos-x86_64 | 0.10.0 | 7.00 | 159.00 | 166.00 | NOTE | |
r-release-windows-x86_64 | 0.10.0 | 12.00 | 196.00 | 208.00 | NOTE | |
r-oldrel-macos-arm64 | 0.10.0 | 4.00 | 87.00 | 91.00 | OK | |
r-oldrel-macos-x86_64 | 0.10.0 | 6.00 | 159.00 | 165.00 | OK | |
r-oldrel-windows-x86_64 | 0.10.0 | 14.00 | 249.00 | 263.00 | OK |
Version: 0.10.0
Check: DESCRIPTION meta-information
Result: NOTE
Missing dependency on R >= 4.1.0 because package code uses the pipe
|> or function shorthand \(...) syntax added in R 4.1.0.
File(s) using such syntax:
‘basis.R’
Flavors: r-devel-linux-x86_64-debian-clang, r-devel-linux-x86_64-debian-gcc, r-devel-linux-x86_64-fedora-clang, r-devel-linux-x86_64-fedora-gcc, r-devel-windows-x86_64, r-patched-linux-x86_64, r-release-linux-x86_64, r-release-macos-arm64, r-release-macos-x86_64, r-release-windows-x86_64
Version: 0.10.0
Check: HTML version of manual
Result: NOTE
Found the following HTML validation problems:
stat_esf.html:95:1 (stat_esf.Rd:40): Warning: missing </ul> before </div>
stat_normal_surv_func.html:96:1 (stat_normal_surv_func.Rd:40): Warning: missing </ul> before </div>
Flavors: r-devel-linux-x86_64-debian-clang, r-devel-linux-x86_64-debian-gcc