Last updated on 2025-10-22 09:50:29 CEST.
Flavor | Version | Tinstall | Tcheck | Ttotal | Status | Flags |
---|---|---|---|---|---|---|
r-devel-linux-x86_64-debian-clang | 0.13.10 | 4.80 | 103.64 | 108.44 | NOTE | |
r-devel-linux-x86_64-debian-gcc | 0.13.10 | 3.41 | 73.23 | 76.64 | NOTE | |
r-devel-linux-x86_64-fedora-clang | 0.13.10 | 115.85 | OK | |||
r-devel-linux-x86_64-fedora-gcc | 0.13.10 | 155.33 | OK | |||
r-devel-windows-x86_64 | 0.13.10 | 7.00 | 106.00 | 113.00 | OK | |
r-patched-linux-x86_64 | 0.13.10 | 4.72 | 89.85 | 94.57 | OK | |
r-release-linux-x86_64 | 0.13.10 | 4.66 | 88.81 | 93.47 | OK | |
r-release-macos-arm64 | 0.13.10 | 3.00 | 81.00 | 84.00 | OK | |
r-release-macos-x86_64 | 0.13.10 | 5.00 | 128.00 | 133.00 | OK | |
r-release-windows-x86_64 | 0.13.10 | 8.00 | 110.00 | 118.00 | OK | |
r-oldrel-macos-arm64 | 0.13.10 | 2.00 | 53.00 | 55.00 | OK | |
r-oldrel-macos-x86_64 | 0.13.10 | 5.00 | 78.00 | 83.00 | OK | |
r-oldrel-windows-x86_64 | 0.13.10 | 9.00 | 125.00 | 134.00 | OK |
Version: 0.13.10
Check: HTML version of manual
Result: NOTE
Found the following HTML validation problems:
cols.html:50:1 (cols.Rd:12): Warning: missing </ul> before </div>
Flavors: r-devel-linux-x86_64-debian-clang, r-devel-linux-x86_64-debian-gcc