Last updated on 2025-07-04 09:49:47 CEST.
Flavor | Version | Tinstall | Tcheck | Ttotal | Status | Flags |
---|---|---|---|---|---|---|
r-devel-linux-x86_64-debian-clang | 2.1.2 | 213.34 | 390.45 | 603.79 | OK | |
r-devel-linux-x86_64-debian-gcc | 2.1.2 | 154.43 | 258.38 | 412.81 | OK | |
r-devel-linux-x86_64-fedora-clang | 2.1.2 | 922.40 | OK | |||
r-devel-linux-x86_64-fedora-gcc | 2.1.2 | 1009.56 | OK | |||
r-devel-windows-x86_64 | 2.1.2 | 193.00 | 442.00 | 635.00 | OK | |
r-patched-linux-x86_64 | 2.1.2 | 214.52 | 372.09 | 586.61 | OK | |
r-release-linux-x86_64 | 2.1.2 | 188.10 | 365.57 | 553.67 | OK | |
r-release-macos-arm64 | 2.1.2 | 283.00 | OK | |||
r-release-macos-x86_64 | 2.1.2 | 554.00 | OK | |||
r-release-windows-x86_64 | 2.1.2 | 194.00 | 455.00 | 649.00 | OK | |
r-oldrel-macos-arm64 | 2.1.2 | 278.00 | NOTE | |||
r-oldrel-macos-x86_64 | 2.1.2 | 555.00 | NOTE | |||
r-oldrel-windows-x86_64 | 2.1.2 | 204.00 | 593.00 | 797.00 | NOTE |
Version: 2.1.2
Check: installed package size
Result: NOTE
installed size is 23.3Mb
sub-directories of 1Mb or more:
R 2.1Mb
libs 19.2Mb
Flavors: r-oldrel-macos-arm64, r-oldrel-macos-x86_64, r-oldrel-windows-x86_64