Last updated on 2025-10-22 09:50:29 CEST.
Flavor | Version | Tinstall | Tcheck | Ttotal | Status | Flags |
---|---|---|---|---|---|---|
r-devel-linux-x86_64-debian-clang | 0.9.6 | 88.97 | 38.70 | 127.67 | NOTE | |
r-devel-linux-x86_64-debian-gcc | 0.9.6 | 52.74 | 31.87 | 84.61 | NOTE | |
r-devel-linux-x86_64-fedora-clang | 0.9.6 | 139.00 | 42.48 | 181.48 | OK | |
r-devel-linux-x86_64-fedora-gcc | 0.9.6 | 169.00 | 55.38 | 224.38 | OK | |
r-devel-windows-x86_64 | 0.9.6 | 105.00 | 76.00 | 181.00 | OK | |
r-patched-linux-x86_64 | 0.9.6 | 87.13 | 35.80 | 122.93 | OK | |
r-release-linux-x86_64 | 0.9.6 | 86.55 | 36.15 | 122.70 | OK | |
r-release-macos-arm64 | 0.9.6 | 33.00 | 32.00 | 65.00 | OK | |
r-release-macos-x86_64 | 0.9.6 | 63.00 | 130.00 | 193.00 | OK | |
r-release-windows-x86_64 | 0.9.6 | 105.00 | 79.00 | 184.00 | OK | |
r-oldrel-macos-arm64 | 0.9.6 | 30.00 | 36.00 | 66.00 | OK | |
r-oldrel-macos-x86_64 | 0.9.6 | 60.00 | 140.00 | 200.00 | OK | |
r-oldrel-windows-x86_64 | 0.9.6 | 123.00 | 93.00 | 216.00 | OK |
Version: 0.9.6
Check: HTML version of manual
Result: NOTE
Found the following HTML validation problems:
create_neighborhood.html:50:1 (create_neighborhood.Rd:14): Warning: missing </ul> before </div>
rcpp_cell_from_xy.html:52:1 (rcpp_cell_from_xy.Rd:12): Warning: missing </ul> before </div>
rcpp_xy_from_matrix.html:51:1 (rcpp_xy_from_matrix.Rd:13): Warning: missing </ul> before </div>
Flavors: r-devel-linux-x86_64-debian-clang, r-devel-linux-x86_64-debian-gcc