CRAN Package Check Results for Package compare

Last updated on 2025-10-22 09:50:29 CEST.

Flavor Version Tinstall Tcheck Ttotal Status Flags
r-devel-linux-x86_64-debian-clang 0.2-6 2.85 38.71 41.56 NOTE
r-devel-linux-x86_64-debian-gcc 0.2-6 2.09 29.57 31.66 NOTE
r-devel-linux-x86_64-fedora-clang 0.2-6 45.47 OK
r-devel-linux-x86_64-fedora-gcc 0.2-6 70.92 OK
r-devel-windows-x86_64 0.2-6 4.00 76.00 80.00 OK
r-patched-linux-x86_64 0.2-6 2.83 36.93 39.76 OK
r-release-linux-x86_64 0.2-6 2.49 36.45 38.94 OK
r-release-macos-arm64 0.2-6 2.00 31.00 33.00 OK
r-release-macos-x86_64 0.2-6 3.00 55.00 58.00 OK
r-release-windows-x86_64 0.2-6 6.00 90.00 96.00 OK
r-oldrel-macos-arm64 0.2-6 2.00 36.00 38.00 OK
r-oldrel-macos-x86_64 0.2-6 2.00 45.00 47.00 OK
r-oldrel-windows-x86_64 0.2-6 5.00 78.00 83.00 OK

Check Details

Version: 0.2-6
Check: CRAN incoming feasibility
Result: NOTE Maintainer: ‘Paul Murrell <p.murrell@auckland.ac.nz>’ No Authors@R field in DESCRIPTION. Please add one, modifying Authors@R: person(given = "Paul", family = "Murrell", role = c("aut", "cre"), email = "p.murrell@auckland.ac.nz") as necessary. Flavors: r-devel-linux-x86_64-debian-clang, r-devel-linux-x86_64-debian-gcc