Last updated on 2025-10-22 09:50:29 CEST.
Flavor | Version | Tinstall | Tcheck | Ttotal | Status | Flags |
---|---|---|---|---|---|---|
r-devel-linux-x86_64-debian-clang | 0.1.4 | 2.57 | 36.47 | 39.04 | NOTE | |
r-devel-linux-x86_64-debian-gcc | 0.1.4 | 1.74 | 28.43 | 30.17 | NOTE | |
r-devel-linux-x86_64-fedora-clang | 0.1.4 | 45.58 | OK | |||
r-devel-linux-x86_64-fedora-gcc | 0.1.4 | 71.57 | OK | |||
r-devel-windows-x86_64 | 0.1.4 | 5.00 | 54.00 | 59.00 | OK | |
r-patched-linux-x86_64 | 0.1.4 | 2.70 | 34.86 | 37.56 | OK | |
r-release-linux-x86_64 | 0.1.4 | 2.34 | 34.71 | 37.05 | OK | |
r-release-macos-arm64 | 0.1.4 | 1.00 | 33.00 | 34.00 | OK | |
r-release-macos-x86_64 | 0.1.4 | 2.00 | 64.00 | 66.00 | OK | |
r-release-windows-x86_64 | 0.1.4 | 6.00 | 59.00 | 65.00 | OK | |
r-oldrel-macos-arm64 | 0.1.4 | 1.00 | 25.00 | 26.00 | OK | |
r-oldrel-macos-x86_64 | 0.1.4 | 2.00 | 38.00 | 40.00 | OK | |
r-oldrel-windows-x86_64 | 0.1.4 | 6.00 | 64.00 | 70.00 | OK |
Version: 0.1.4
Check: HTML version of manual
Result: NOTE
Found the following HTML validation problems:
roundBF.html:55:1 (roundBF.Rd:14): Warning: missing </ul> before </div>
Flavors: r-devel-linux-x86_64-debian-clang, r-devel-linux-x86_64-debian-gcc