Last updated on 2025-07-04 09:49:48 CEST.
Flavor | Version | Tinstall | Tcheck | Ttotal | Status | Flags |
---|---|---|---|---|---|---|
r-devel-linux-x86_64-debian-clang | 1.3.3 | 158.77 | 68.41 | 227.18 | OK | |
r-devel-linux-x86_64-debian-gcc | 1.3.3 | 106.28 | 52.39 | 158.67 | OK | |
r-devel-linux-x86_64-fedora-clang | 1.3.3 | 363.40 | OK | |||
r-devel-linux-x86_64-fedora-gcc | 1.3.3 | 378.37 | OK | |||
r-devel-windows-x86_64 | 1.3.3 | 144.00 | 104.00 | 248.00 | OK | |
r-patched-linux-x86_64 | 1.3.3 | 158.04 | 64.84 | 222.88 | OK | |
r-release-linux-x86_64 | 1.3.3 | 149.41 | 64.79 | 214.20 | OK | |
r-release-macos-arm64 | 1.3.3 | 94.00 | OK | |||
r-release-macos-x86_64 | 1.3.3 | 129.00 | OK | |||
r-release-windows-x86_64 | 1.3.3 | 153.00 | 102.00 | 255.00 | OK | |
r-oldrel-macos-arm64 | 1.3.3 | 92.00 | NOTE | |||
r-oldrel-macos-x86_64 | 1.3.3 | 117.00 | NOTE | |||
r-oldrel-windows-x86_64 | 1.3.3 | 181.00 | 128.00 | 309.00 | OK |
Version: 1.3.3
Check: installed package size
Result: NOTE
installed size is 19.7Mb
sub-directories of 1Mb or more:
libs 19.4Mb
Flavors: r-oldrel-macos-arm64, r-oldrel-macos-x86_64