Last updated on 2025-10-22 09:50:29 CEST.
Flavor | Version | Tinstall | Tcheck | Ttotal | Status | Flags |
---|---|---|---|---|---|---|
r-devel-linux-x86_64-debian-clang | 0.24.2 | 13.47 | 128.58 | 142.05 | NOTE | |
r-devel-linux-x86_64-debian-gcc | 0.24.2 | 8.59 | 91.76 | 100.35 | NOTE | |
r-devel-linux-x86_64-fedora-clang | 0.24.2 | 90.00 | 131.72 | 221.72 | OK | |
r-devel-linux-x86_64-fedora-gcc | 0.24.2 | 32.00 | 174.56 | 206.56 | OK | |
r-devel-windows-x86_64 | 0.24.2 | 14.00 | 125.00 | 139.00 | OK | |
r-patched-linux-x86_64 | 0.24.2 | 12.21 | 116.44 | 128.65 | OK | |
r-release-linux-x86_64 | 0.24.2 | 12.64 | 118.31 | 130.95 | OK | |
r-release-macos-arm64 | 0.24.2 | 6.00 | 57.00 | 63.00 | OK | |
r-release-macos-x86_64 | 0.24.2 | 10.00 | 99.00 | 109.00 | OK | |
r-release-windows-x86_64 | 0.24.2 | 15.00 | 126.00 | 141.00 | OK | |
r-oldrel-macos-arm64 | 0.24.2 | 6.00 | 55.00 | 61.00 | OK | |
r-oldrel-macos-x86_64 | 0.24.2 | 10.00 | 100.00 | 110.00 | OK | |
r-oldrel-windows-x86_64 | 0.24.2 | 20.00 | 158.00 | 178.00 | OK |
Version: 0.24.2
Check: HTML version of manual
Result: NOTE
Found the following HTML validation problems:
print.contrast.html:62:1 (print.contrast.Rd:19): Warning: missing </ul> before </div>
Flavors: r-devel-linux-x86_64-debian-clang, r-devel-linux-x86_64-debian-gcc