CRAN Package Check Results for Package cordillera

Last updated on 2025-10-22 09:50:29 CEST.

Flavor Version Tinstall Tcheck Ttotal Status Flags
r-devel-linux-x86_64-debian-clang 1.0-3 2.41 28.81 31.22 NOTE
r-devel-linux-x86_64-debian-gcc 1.0-3 1.74 22.63 24.37 NOTE
r-devel-linux-x86_64-fedora-clang 1.0-3 40.14 OK
r-devel-linux-x86_64-fedora-gcc 1.0-3 59.00 OK
r-devel-windows-x86_64 1.0-3 5.00 48.00 53.00 OK
r-patched-linux-x86_64 1.0-3 2.29 27.48 29.77 OK
r-release-linux-x86_64 1.0-3 2.13 27.42 29.55 OK
r-release-macos-arm64 1.0-3 2.00 23.00 25.00 OK
r-release-macos-x86_64 1.0-3 2.00 43.00 45.00 OK
r-release-windows-x86_64 1.0-3 5.00 49.00 54.00 OK
r-oldrel-macos-arm64 1.0-3 2.00 28.00 30.00 OK
r-oldrel-macos-x86_64 1.0-3 2.00 40.00 42.00 OK
r-oldrel-windows-x86_64 1.0-3 4.00 56.00 60.00 OK

Check Details

Version: 1.0-3
Check: HTML version of manual
Result: NOTE Found the following HTML validation problems: plot.cordillera.html:79:1 (plot.cordillera.Rd:30): Warning: missing </ul> before </div> print.cordillera.html:51:1 (print.cordillera.Rd:12): Warning: missing </ul> before </div> Flavors: r-devel-linux-x86_64-debian-clang, r-devel-linux-x86_64-debian-gcc