Last updated on 2025-10-24 09:49:59 CEST.
| Flavor | Version | Tinstall | Tcheck | Ttotal | Status | Flags |
|---|---|---|---|---|---|---|
| r-devel-linux-x86_64-debian-clang | 1.0.2 | 2.15 | 26.28 | 28.43 | NOTE | |
| r-devel-linux-x86_64-debian-gcc | 1.0.2 | 1.67 | 20.78 | 22.45 | NOTE | |
| r-devel-linux-x86_64-fedora-clang | 1.0.2 | 34.35 | OK | |||
| r-devel-linux-x86_64-fedora-gcc | 1.0.2 | 40.35 | OK | |||
| r-devel-windows-x86_64 | 1.0.2 | 3.00 | 43.00 | 46.00 | OK | |
| r-patched-linux-x86_64 | 1.0.2 | 2.07 | 25.00 | 27.07 | OK | |
| r-release-linux-x86_64 | 1.0.2 | 1.90 | 24.93 | 26.83 | OK | |
| r-release-macos-arm64 | 1.0.2 | 1.00 | 17.00 | 18.00 | OK | |
| r-release-macos-x86_64 | 1.0.2 | 2.00 | 28.00 | 30.00 | OK | |
| r-release-windows-x86_64 | 1.0.2 | 2.00 | 45.00 | 47.00 | OK | |
| r-oldrel-macos-arm64 | 1.0.2 | 1.00 | 22.00 | 23.00 | NOTE | |
| r-oldrel-macos-x86_64 | 1.0.2 | 2.00 | 32.00 | 34.00 | NOTE | |
| r-oldrel-windows-x86_64 | 1.0.2 | 3.00 | 50.00 | 53.00 | NOTE |
Version: 1.0.2
Check: CRAN incoming feasibility
Result: NOTE
Maintainer: ‘Niklas Pfister <np@math.ku.dk>’
No Authors@R field in DESCRIPTION.
Please add one, modifying
Authors@R: c(person(given = "Niklas",
family = "Pfister",
role = c("aut", "cre"),
email = "np@math.ku.dk"),
person(given = "Sebastian",
family = "Weichwald",
role = "aut"))
as necessary.
Flavors: r-devel-linux-x86_64-debian-clang, r-devel-linux-x86_64-debian-gcc
Version: 1.0.2
Check: LazyData
Result: NOTE
'LazyData' is specified without a 'data' directory
Flavors: r-oldrel-macos-arm64, r-oldrel-macos-x86_64, r-oldrel-windows-x86_64