Last updated on 2025-10-22 09:50:29 CEST.
Flavor | Version | Tinstall | Tcheck | Ttotal | Status | Flags |
---|---|---|---|---|---|---|
r-devel-linux-x86_64-debian-clang | 2.1.3.3 | 14.00 | 308.26 | 322.26 | NOTE | |
r-devel-linux-x86_64-debian-gcc | 2.1.3.3 | 8.69 | 192.29 | 200.98 | NOTE | |
r-devel-linux-x86_64-fedora-clang | 2.1.3.3 | 22.00 | 351.82 | 373.82 | OK | |
r-devel-linux-x86_64-fedora-gcc | 2.1.3.3 | 39.00 | 438.97 | 477.97 | OK | |
r-devel-windows-x86_64 | 2.1.3.3 | 16.00 | 269.00 | 285.00 | OK | |
r-patched-linux-x86_64 | 2.1.3.3 | 14.24 | 281.31 | 295.55 | OK | |
r-release-linux-x86_64 | 2.1.3.3 | 14.60 | 276.68 | 291.28 | OK | |
r-release-macos-arm64 | 2.1.3.3 | 6.00 | 131.00 | 137.00 | OK | |
r-release-macos-x86_64 | 2.1.3.3 | 11.00 | 229.00 | 240.00 | OK | |
r-release-windows-x86_64 | 2.1.3.3 | 20.00 | 260.00 | 280.00 | OK | |
r-oldrel-macos-arm64 | 2.1.3.3 | 5.00 | 134.00 | 139.00 | NOTE | |
r-oldrel-macos-x86_64 | 2.1.3.3 | 9.00 | 195.00 | 204.00 | NOTE | |
r-oldrel-windows-x86_64 | 2.1.3.3 | 22.00 | 360.00 | 382.00 | NOTE |
Version: 2.1.3.3
Check: CRAN incoming feasibility
Result: NOTE
Maintainer: ‘Marcelo Ponce <m.ponce@utoronto.ca>’
No Authors@R field in DESCRIPTION.
Please add one, modifying
Authors@R: c(person(given = "Marcelo",
family = "Ponce",
role = c("aut", "cre"),
email = "m.ponce@utoronto.ca"),
person(given = "Amit",
family = "Sandhel",
role = "ctb"))
as necessary.
Flavors: r-devel-linux-x86_64-debian-clang, r-devel-linux-x86_64-debian-gcc
Version: 2.1.3.3
Check: HTML version of manual
Result: NOTE
Found the following HTML validation problems:
avecRentrez.html:63:1 (avecRentrez.Rd:21): Warning: missing </ul> before </div>
badOption.html:46:1 (badOption.Rd:10): Warning: missing </ul> before </div>
c19.NP_fasta.data.html:50:1 (c19.NP_fasta.data.Rd:12): Warning: missing </ul> before </div>
c19.NPs.data.html:63:1 (c19.NPs.data.Rd:21): Warning: missing </ul> before </div>
c19.fasta.data.html:46:1 (c19.fasta.data.Rd:10): Warning: missing </ul> before </div>
c19.ptree.data.html:46:1 (c19.ptree.data.Rd:10): Warning: missing </ul> before </div>
consistency.check.html:73:1 (consistency.check.Rd:27): Warning: missing </ul> before </div>
covid19.genomic.data.html:63:1 (covid19.genomic.data.Rd:21): Warning: missing </ul> before </div>
covid19.vaccination.html:54:1 (covid19.vaccination.Rd:14): Warning: missing </ul> before </div>
covid19Explorer.html:46:1 (covid19Explorer.Rd:10): Warning: missing </ul> before </div>
data.checks.html:73:1 (data.checks.Rd:27): Warning: missing </ul> before </div>
gen.glm.model.html:50:1 (gen.glm.model.Rd:12): Warning: missing </ul> before </div>
genModel.html:50:1 (genModel.Rd:12): Warning: missing </ul> before </div>
getFile.html:54:1 (getFile.Rd:15): Warning: missing </ul> before </div>
header.html:58:1 (header.Rd:16): Warning: missing </ul> before </div>
header0.html:58:1 (header0.Rd:16): Warning: missing </ul> before </div>
integrity.check.html:60:1 (integrity.check.Rd:17): Warning: missing </ul> before </div>
itrends.html:68:1 (itrends.Rd:24): Warning: missing </ul> before </div>
loadLibrary.html:46:1 (loadLibrary.Rd:10): Warning: missing </ul> before </div>
log.sc.setup.html:47:1 (log.sc.setup.Rd:10): Warning: missing </ul> before </div>
mrollingRates.html:58:1 (mrollingRates.Rd:16): Warning: missing </ul> before </div>
nullify.data.html:50:1 (nullify.data.Rd:12): Warning: missing </ul> before </div>
plt.SIR.model.html:73:1 (plt.SIR.model.Rd:27): Warning: missing </ul> before </div>
preProcessingData.html:52:1 (preProcessingData.Rd:14): Warning: missing </ul> before </div>
print.html:46:1 (print.Rd:10): Warning: missing </ul> before </div>
print.report.html:47:1 (print.report.Rd:10): Warning: missing </ul> before </div>
red.devel.ver.html:50:1 (red.devel.ver.Rd:12): Warning: missing </ul> before </div>
select.per.loc.html:50:1 (select.per.loc.Rd:12): Warning: missing </ul> before </div>
set.plt.canvas.html:54:1 (set.plt.canvas.Rd:14): Warning: missing </ul> before </div>
simple.SIR.ODE.html:54:1 (simple.SIR.ODE.Rd:14): Warning: missing </ul> before </div>
Flavors: r-devel-linux-x86_64-debian-clang, r-devel-linux-x86_64-debian-gcc
Version: 2.1.3.3
Check: installed package size
Result: NOTE
installed size is 5.1Mb
sub-directories of 1Mb or more:
doc 1.6Mb
extdata 2.6Mb
Flavors: r-oldrel-macos-arm64, r-oldrel-macos-x86_64, r-oldrel-windows-x86_64