Last updated on 2025-07-04 09:49:48 CEST.
Flavor | Version | Tinstall | Tcheck | Ttotal | Status | Flags |
---|---|---|---|---|---|---|
r-devel-linux-x86_64-debian-clang | 2.3.0 | 100.98 | 55.38 | 156.36 | NOTE | |
r-devel-linux-x86_64-debian-gcc | 2.3.0 | 69.28 | 38.39 | 107.67 | NOTE | |
r-devel-linux-x86_64-fedora-clang | 2.3.0 | 261.54 | NOTE | |||
r-devel-linux-x86_64-fedora-gcc | 2.3.0 | 239.69 | NOTE | |||
r-devel-windows-x86_64 | 2.3.0 | 106.00 | 112.00 | 218.00 | NOTE | --no-vignettes |
r-patched-linux-x86_64 | 2.3.0 | 99.89 | 51.04 | 150.93 | NOTE | |
r-release-linux-x86_64 | 2.3.0 | 88.31 | 49.90 | 138.21 | NOTE | |
r-release-macos-arm64 | 2.3.0 | 74.00 | NOTE | |||
r-release-macos-x86_64 | 2.3.0 | 104.00 | NOTE | |||
r-release-windows-x86_64 | 2.3.0 | 109.00 | 102.00 | 211.00 | NOTE | --no-vignettes |
r-oldrel-macos-arm64 | 2.3.0 | 64.00 | NOTE | |||
r-oldrel-macos-x86_64 | 2.3.0 | 71.00 | NOTE | |||
r-oldrel-windows-x86_64 | 2.3.0 | 129.00 | 113.00 | 242.00 | NOTE | --no-vignettes |
Version: 2.3.0
Check: CRAN incoming feasibility
Result: NOTE
Maintainer: ‘Devin S. Johnson <devin.johnson@noaa.gov>’
Package CITATION file contains call(s) to old-style personList() or
as.personList(). Please use c() on person objects instead.
Package CITATION file contains call(s) to old-style citEntry(). Please
use bibentry() instead.
Flavors: r-devel-linux-x86_64-debian-clang, r-devel-linux-x86_64-debian-gcc
Version: 2.3.0
Check: Rd files
Result: NOTE
checkRd: (-1) crwPredict.Rd:54-68: Lost braces
54 | \item("predTime"){
| ^
checkRd: (-1) crwPredict.Rd:59: Lost braces
59 | no longer the default (see \item{return.type}). If the original data were
| ^
Flavors: r-devel-linux-x86_64-debian-clang, r-devel-linux-x86_64-debian-gcc, r-devel-linux-x86_64-fedora-clang, r-devel-linux-x86_64-fedora-gcc, r-patched-linux-x86_64, r-release-linux-x86_64, r-release-macos-arm64, r-release-macos-x86_64, r-oldrel-macos-arm64, r-oldrel-macos-x86_64
Version: 2.3.0
Flags: --no-vignettes
Check: Rd files
Result: NOTE
checkRd: (-1) crwPredict.Rd:54-68: Lost braces
54 | \item("predTime"){
| ^
checkRd: (-1) crwPredict.Rd:59: Lost braces
59 | no longer the default (see \item{return.type}). If the original data were
| ^
Flavors: r-devel-windows-x86_64, r-release-windows-x86_64, r-oldrel-windows-x86_64
Version: 2.3.0
Check: installed package size
Result: NOTE
installed size is 6.0Mb
sub-directories of 1Mb or more:
libs 5.2Mb
Flavors: r-oldrel-macos-arm64, r-oldrel-macos-x86_64