CRAN Package Check Results for Package crayons

Last updated on 2025-07-04 09:49:48 CEST.

Flavor Version Tinstall Tcheck Ttotal Status Flags
r-devel-linux-x86_64-debian-clang 0.0.3 3.35 37.30 40.65 NOTE
r-devel-linux-x86_64-debian-gcc 0.0.3 2.55 27.90 30.45 NOTE
r-devel-linux-x86_64-fedora-clang 0.0.3 57.01 NOTE
r-devel-linux-x86_64-fedora-gcc 0.0.3 53.46 NOTE
r-devel-windows-x86_64 0.0.3 5.00 52.00 57.00 NOTE
r-patched-linux-x86_64 0.0.3 3.26 33.71 36.97 NOTE
r-release-linux-x86_64 0.0.3 2.87 33.21 36.08 NOTE
r-release-macos-arm64 0.0.3 26.00 NOTE
r-release-macos-x86_64 0.0.3 36.00 NOTE
r-release-windows-x86_64 0.0.3 5.00 53.00 58.00 NOTE
r-oldrel-macos-arm64 0.0.3 25.00 OK
r-oldrel-macos-x86_64 0.0.3 32.00 OK
r-oldrel-windows-x86_64 0.0.3 6.00 63.00 69.00 OK

Check Details

Version: 0.0.3
Check: DESCRIPTION meta-information
Result: NOTE Missing dependency on R >= 4.1.0 because package code uses the pipe |> or function shorthand \(...) syntax added in R 4.1.0. File(s) using such syntax: ‘pick_colors.R’ ‘scale_crayons.Rd’ Flavors: r-devel-linux-x86_64-debian-clang, r-devel-linux-x86_64-debian-gcc, r-devel-linux-x86_64-fedora-clang, r-devel-linux-x86_64-fedora-gcc, r-devel-windows-x86_64, r-patched-linux-x86_64, r-release-linux-x86_64, r-release-macos-arm64, r-release-macos-x86_64, r-release-windows-x86_64