Last updated on 2025-10-22 09:50:30 CEST.
Flavor | Version | Tinstall | Tcheck | Ttotal | Status | Flags |
---|---|---|---|---|---|---|
r-devel-linux-x86_64-debian-clang | 0.6.2 | 23.82 | 98.10 | 121.92 | NOTE | |
r-devel-linux-x86_64-debian-gcc | 0.6.2 | 18.19 | 69.67 | 87.86 | NOTE | |
r-devel-linux-x86_64-fedora-clang | 0.6.2 | 28.00 | 107.04 | 135.04 | OK | |
r-devel-linux-x86_64-fedora-gcc | 0.6.2 | 53.00 | 126.56 | 179.56 | OK | |
r-devel-windows-x86_64 | 0.6.2 | 50.00 | 134.00 | 184.00 | OK | |
r-patched-linux-x86_64 | 0.6.2 | 23.63 | 94.82 | 118.45 | OK | |
r-release-linux-x86_64 | 0.6.2 | 23.69 | 93.39 | 117.08 | OK | |
r-release-macos-arm64 | 0.6.2 | 13.00 | 52.00 | 65.00 | OK | |
r-release-macos-x86_64 | 0.6.2 | 17.00 | 98.00 | 115.00 | OK | |
r-release-windows-x86_64 | 0.6.2 | 58.00 | 136.00 | 194.00 | OK | |
r-oldrel-macos-arm64 | 0.6.2 | 12.00 | 54.00 | 66.00 | OK | |
r-oldrel-macos-x86_64 | 0.6.2 | 18.00 | 105.00 | 123.00 | OK | |
r-oldrel-windows-x86_64 | 0.6.2 | 60.00 | 161.00 | 221.00 | OK |
Version: 0.6.2
Check: HTML version of manual
Result: NOTE
Found the following HTML validation problems:
show-methods.html:47:1 (show-methods.Rd:12): Warning: missing </ul> before </div>
summary-methods.html:52:1 (summary-methods.Rd:14): Warning: missing </ul> before </div>
Flavors: r-devel-linux-x86_64-debian-clang, r-devel-linux-x86_64-debian-gcc