CRAN Package Check Results for Package cronologia

Last updated on 2025-07-04 09:49:48 CEST.

Flavor Version Tinstall Tcheck Ttotal Status Flags
r-devel-linux-x86_64-debian-clang 0.2.0 1.80 20.81 22.61 NOTE
r-devel-linux-x86_64-debian-gcc 0.2.0 1.38 17.48 18.86 NOTE
r-devel-linux-x86_64-fedora-clang 0.2.0 31.99 OK
r-devel-linux-x86_64-fedora-gcc 0.2.0 30.40 OK
r-devel-windows-x86_64 0.2.0 3.00 40.00 43.00 OK
r-patched-linux-x86_64 0.2.0 1.47 18.31 19.78 OK
r-release-linux-x86_64 0.2.0 1.73 18.54 20.27 OK
r-release-macos-arm64 0.2.0 16.00 OK
r-release-macos-x86_64 0.2.0 22.00 OK
r-release-windows-x86_64 0.2.0 3.00 40.00 43.00 OK
r-oldrel-macos-arm64 0.2.0 16.00 OK
r-oldrel-macos-x86_64 0.2.0 23.00 OK
r-oldrel-windows-x86_64 0.2.0 4.00 46.00 50.00 OK

Check Details

Version: 0.2.0
Check: CRAN incoming feasibility
Result: NOTE Maintainer: ‘Mohamed El Fodil Ihaddaden <ihaddaden.fodeil@gmail.com>’ No Authors@R field in DESCRIPTION. Please add one, modifying Authors@R: person(given = c("Mohamed", "El", "Fodil"), family = "Ihaddaden", role = c("aut", "cre"), email = "ihaddaden.fodeil@gmail.com") as necessary. Flavors: r-devel-linux-x86_64-debian-clang, r-devel-linux-x86_64-debian-gcc