Last updated on 2025-10-23 09:50:42 CEST.
| Flavor | Version | Tinstall | Tcheck | Ttotal | Status | Flags |
|---|---|---|---|---|---|---|
| r-devel-linux-x86_64-debian-clang | 0.2.0 | 1.73 | 21.94 | 23.67 | NOTE | |
| r-devel-linux-x86_64-debian-gcc | 0.2.0 | 1.33 | 18.25 | 19.58 | NOTE | |
| r-devel-linux-x86_64-fedora-clang | 0.2.0 | 26.08 | OK | |||
| r-devel-linux-x86_64-fedora-gcc | 0.2.0 | 30.32 | OK | |||
| r-devel-windows-x86_64 | 0.2.0 | 3.00 | 42.00 | 45.00 | OK | |
| r-patched-linux-x86_64 | 0.2.0 | 1.70 | 19.98 | 21.68 | OK | |
| r-release-linux-x86_64 | 0.2.0 | 1.61 | 19.89 | 21.50 | OK | |
| r-release-macos-arm64 | 0.2.0 | 1.00 | 15.00 | 16.00 | OK | |
| r-release-macos-x86_64 | 0.2.0 | 1.00 | 21.00 | 22.00 | OK | |
| r-release-windows-x86_64 | 0.2.0 | 3.00 | 42.00 | 45.00 | OK | |
| r-oldrel-macos-arm64 | 0.2.0 | 1.00 | 15.00 | 16.00 | OK | |
| r-oldrel-macos-x86_64 | 0.2.0 | 1.00 | 22.00 | 23.00 | OK | |
| r-oldrel-windows-x86_64 | 0.2.0 | 4.00 | 47.00 | 51.00 | OK |
Version: 0.2.0
Check: CRAN incoming feasibility
Result: NOTE
Maintainer: ‘Mohamed El Fodil Ihaddaden <ihaddaden.fodeil@gmail.com>’
No Authors@R field in DESCRIPTION.
Please add one, modifying
Authors@R: person(given = c("Mohamed", "El", "Fodil"),
family = "Ihaddaden",
role = c("aut", "cre"),
email = "ihaddaden.fodeil@gmail.com")
as necessary.
Flavors: r-devel-linux-x86_64-debian-clang, r-devel-linux-x86_64-debian-gcc