Last updated on 2025-10-22 09:50:30 CEST.
Flavor | Version | Tinstall | Tcheck | Ttotal | Status | Flags |
---|---|---|---|---|---|---|
r-devel-linux-x86_64-debian-clang | 1.1.1 | 16.72 | 123.58 | 140.30 | NOTE | |
r-devel-linux-x86_64-debian-gcc | 1.1.1 | 10.91 | 87.78 | 98.69 | NOTE | |
r-devel-linux-x86_64-fedora-clang | 1.1.1 | 78.00 | 155.37 | 233.37 | OK | |
r-devel-linux-x86_64-fedora-gcc | 1.1.1 | 56.00 | 147.85 | 203.85 | OK | |
r-devel-windows-x86_64 | 1.1.1 | 16.00 | 136.00 | 152.00 | OK | |
r-patched-linux-x86_64 | 1.1.1 | 16.75 | 118.62 | 135.37 | OK | |
r-release-linux-x86_64 | 1.1.1 | 15.07 | 120.29 | 135.36 | OK | |
r-release-macos-arm64 | 1.1.1 | 7.00 | 53.00 | 60.00 | OK | |
r-release-macos-x86_64 | 1.1.1 | 13.00 | 106.00 | 119.00 | OK | |
r-release-windows-x86_64 | 1.1.1 | 17.00 | 141.00 | 158.00 | OK | |
r-oldrel-macos-arm64 | 1.1.1 | 6.00 | 51.00 | 57.00 | OK | |
r-oldrel-macos-x86_64 | 1.1.1 | 10.00 | 76.00 | 86.00 | OK | |
r-oldrel-windows-x86_64 | 1.1.1 | 24.00 | 166.00 | 190.00 | OK |
Version: 1.1.1
Check: HTML version of manual
Result: NOTE
Found the following HTML validation problems:
AIC.cm.html:55:1 (AIC.cm.Rd:14): Warning: missing </ul> before </div>
AIC.gfcm.html:55:1 (AIC.gfcm.Rd:14): Warning: missing </ul> before </div>
BIC.cm.html:51:1 (BIC.cm.Rd:12): Warning: missing </ul> before </div>
BIC.gfcm.html:51:1 (BIC.gfcm.Rd:12): Warning: missing </ul> before </div>
plot.crude.html:80:1 (plot.crude.Rd:27): Warning: missing </ul> before </div>
plot.le.html:80:1 (plot.le.Rd:27): Warning: missing </ul> before </div>
plot.lts.html:80:1 (plot.lts.Rd:27): Warning: missing </ul> before </div>
Flavors: r-devel-linux-x86_64-debian-clang, r-devel-linux-x86_64-debian-gcc