CRAN Package Check Results for Package curvecomp

Last updated on 2025-10-22 09:50:30 CEST.

Flavor Version Tinstall Tcheck Ttotal Status Flags
r-devel-linux-x86_64-debian-clang 0.1.0 7.32 56.77 64.09 NOTE
r-devel-linux-x86_64-debian-gcc 0.1.0 4.99 42.35 47.34 NOTE
r-devel-linux-x86_64-fedora-clang 0.1.0 38.00 62.36 100.36 NOTE
r-devel-linux-x86_64-fedora-gcc 0.1.0 31.00 66.89 97.89 NOTE
r-devel-windows-x86_64 0.1.0 8.00 64.00 72.00 OK
r-patched-linux-x86_64 0.1.0 6.50 54.17 60.67 NOTE
r-release-linux-x86_64 0.1.0 6.46 54.70 61.16 NOTE
r-release-macos-arm64 0.1.0 3.00 33.00 36.00 OK
r-release-macos-x86_64 0.1.0 7.00 53.00 60.00 OK
r-release-windows-x86_64 0.1.0 10.00 67.00 77.00 OK
r-oldrel-macos-arm64 0.1.0 3.00 27.00 30.00 NOTE
r-oldrel-macos-x86_64 0.1.0 5.00 39.00 44.00 NOTE
r-oldrel-windows-x86_64 0.1.0 10.00 82.00 92.00 NOTE

Check Details

Version: 0.1.0
Check: CRAN incoming feasibility
Result: NOTE Maintainer: ‘Christopher Murphy <cmurphy0313@gmail.com>’ No Authors@R field in DESCRIPTION. Please add one, modifying Authors@R: c(person(given = "Kimihiro", family = "Noguchi", role = "aut", email = "kimihiro.noguchi@wwu.edu"), person(given = "Christopher", family = "Murphy", role = "cre", email = "cmurphy0313@gmail.com")) as necessary. Flavors: r-devel-linux-x86_64-debian-clang, r-devel-linux-x86_64-debian-gcc

Version: 0.1.0
Check: for non-standard things in the check directory
Result: NOTE Found the following files/directories: ‘Adjusted_p_values.pdf’ ‘Effect_Size_Curves.pdf’ ‘Mean_Difference_Curves.pdf’ Flavors: r-devel-linux-x86_64-debian-clang, r-devel-linux-x86_64-debian-gcc, r-devel-linux-x86_64-fedora-clang, r-devel-linux-x86_64-fedora-gcc, r-patched-linux-x86_64, r-release-linux-x86_64

Version: 0.1.0
Check: LazyData
Result: NOTE 'LazyData' is specified without a 'data' directory Flavors: r-oldrel-macos-arm64, r-oldrel-macos-x86_64, r-oldrel-windows-x86_64