Last updated on 2025-10-22 09:50:30 CEST.
Flavor | Version | Tinstall | Tcheck | Ttotal | Status | Flags |
---|---|---|---|---|---|---|
r-devel-linux-x86_64-debian-clang | 0.5.5 | 5.30 | 45.83 | 51.13 | NOTE | |
r-devel-linux-x86_64-debian-gcc | 0.5.5 | 3.96 | 34.98 | 38.94 | NOTE | |
r-devel-linux-x86_64-fedora-clang | 0.5.5 | 12.00 | 67.08 | 79.08 | OK | |
r-devel-linux-x86_64-fedora-gcc | 0.5.5 | 10.00 | 76.60 | 86.60 | OK | |
r-devel-windows-x86_64 | 0.5.5 | 10.00 | 64.00 | 74.00 | OK | |
r-patched-linux-x86_64 | 0.5.5 | 5.37 | 42.20 | 47.57 | OK | |
r-release-linux-x86_64 | 0.5.5 | 5.11 | 42.12 | 47.23 | OK | |
r-release-macos-arm64 | 0.5.5 | 3.00 | 32.00 | 35.00 | OK | |
r-release-macos-x86_64 | 0.5.5 | 5.00 | 52.00 | 57.00 | OK | |
r-release-windows-x86_64 | 0.5.5 | 9.00 | 64.00 | 73.00 | OK | |
r-oldrel-macos-arm64 | 0.5.5 | 3.00 | 29.00 | 32.00 | OK | |
r-oldrel-macos-x86_64 | 0.5.5 | 4.00 | 45.00 | 49.00 | OK | |
r-oldrel-windows-x86_64 | 0.5.5 | 10.00 | 84.00 | 94.00 | OK |
Version: 0.5.5
Check: HTML version of manual
Result: NOTE
Found the following HTML validation problems:
d3po_template.html:46:1 (d3po_template.Rd:10): Warning: missing </ul> before </div>
Flavors: r-devel-linux-x86_64-debian-clang, r-devel-linux-x86_64-debian-gcc