CRAN Package Check Results for Package d4storagehub4R

Last updated on 2025-07-04 09:49:48 CEST.

Flavor Version Tinstall Tcheck Ttotal Status Flags
r-devel-linux-x86_64-debian-clang 0.4-4 5.50 35.91 41.41 NOTE
r-devel-linux-x86_64-debian-gcc 0.4-4 4.02 28.89 32.91 NOTE
r-devel-linux-x86_64-fedora-clang 0.4-4 61.38 OK
r-devel-linux-x86_64-fedora-gcc 0.4-4 59.01 OK
r-devel-windows-x86_64 0.4-4 6.00 54.00 60.00 NOTE
r-patched-linux-x86_64 0.4-4 5.63 33.54 39.17 NOTE
r-release-linux-x86_64 0.4-4 5.21 33.17 38.38 NOTE
r-release-macos-arm64 0.4-4 27.00 OK
r-release-macos-x86_64 0.4-4 43.00 OK
r-release-windows-x86_64 0.4-4 7.00 54.00 61.00 NOTE
r-oldrel-macos-arm64 0.4-4 23.00 OK
r-oldrel-macos-x86_64 0.4-4 36.00 OK
r-oldrel-windows-x86_64 0.4-4 10.00 61.00 71.00 OK

Check Details

Version: 0.4-4
Check: Rd cross-references
Result: NOTE Found the following Rd file(s) with Rd \link{} targets missing package anchors: StoragehubManager.Rd: R6Class d4storagehub4RLogger.Rd: R6Class Please provide package anchors for all Rd \link{} targets not in the package itself and the base packages. Flavors: r-devel-linux-x86_64-debian-clang, r-devel-linux-x86_64-debian-gcc, r-devel-windows-x86_64, r-patched-linux-x86_64, r-release-linux-x86_64, r-release-windows-x86_64