Last updated on 2025-10-21 09:48:29 CEST.
Flavor | Version | Tinstall | Tcheck | Ttotal | Status | Flags |
---|---|---|---|---|---|---|
r-devel-linux-x86_64-debian-clang | 0.3.0 | 3.14 | 59.20 | 62.34 | OK | |
r-devel-linux-x86_64-debian-gcc | 0.3.0 | 2.15 | 44.82 | 46.97 | NOTE | |
r-devel-linux-x86_64-fedora-clang | 0.3.0 | 93.48 | OK | |||
r-devel-linux-x86_64-fedora-gcc | 0.3.0 | 106.23 | OK | |||
r-devel-windows-x86_64 | 0.3.0 | 4.00 | 72.00 | 76.00 | OK | |
r-patched-linux-x86_64 | 0.3.0 | 2.87 | 55.57 | 58.44 | OK | |
r-release-linux-x86_64 | 0.3.0 | 2.66 | 54.71 | 57.37 | OK | |
r-release-macos-arm64 | 0.3.0 | 48.00 | OK | |||
r-release-macos-x86_64 | 0.3.0 | 82.00 | OK | |||
r-release-windows-x86_64 | 0.3.0 | 6.00 | 78.00 | 84.00 | OK | |
r-oldrel-macos-arm64 | 0.3.0 | 39.00 | OK | |||
r-oldrel-macos-x86_64 | 0.3.0 | 85.00 | OK | |||
r-oldrel-windows-x86_64 | 0.3.0 | 6.00 | 91.00 | 97.00 | OK |
Version: 0.3.0
Check: HTML version of manual
Result: NOTE
Found the following HTML validation problems:
iris_items.html:62:1 (iris_items.Rd:18): Warning: missing </ul> before </div>
schema_1_1_0.html:48:1 (schema_1_1_0.Rd:13): Warning: missing </ul> before </div>
Flavor: r-devel-linux-x86_64-debian-gcc