Last updated on 2025-10-21 09:48:29 CEST.
Flavor | Version | Tinstall | Tcheck | Ttotal | Status | Flags |
---|---|---|---|---|---|---|
r-devel-linux-x86_64-debian-clang | 2.3.0 | 3.35 | 35.14 | 38.49 | OK | |
r-devel-linux-x86_64-debian-gcc | 2.3.0 | 2.61 | 28.68 | 31.29 | NOTE | |
r-devel-linux-x86_64-fedora-clang | 2.3.0 | 58.33 | OK | |||
r-devel-linux-x86_64-fedora-gcc | 2.3.0 | 860.68 | OK | |||
r-devel-windows-x86_64 | 2.3.0 | 5.00 | 57.00 | 62.00 | OK | |
r-patched-linux-x86_64 | 2.3.0 | 3.17 | 32.90 | 36.07 | OK | |
r-release-linux-x86_64 | 2.3.0 | 3.21 | 32.97 | 36.18 | OK | |
r-release-macos-arm64 | 2.3.0 | 379.00 | OK | |||
r-release-macos-x86_64 | 2.3.0 | 720.00 | OK | |||
r-release-windows-x86_64 | 2.3.0 | 6.00 | 60.00 | 66.00 | OK | |
r-oldrel-macos-arm64 | 2.3.0 | 201.00 | OK | |||
r-oldrel-macos-x86_64 | 2.3.0 | 528.00 | OK | |||
r-oldrel-windows-x86_64 | 2.3.0 | 7.00 | 65.00 | 72.00 | OK |
Version: 2.3.0
Check: HTML version of manual
Result: NOTE
Found the following HTML validation problems:
alldata.html:58:1 (alldata.Rd:16): Warning: missing </ul> before </div>
browseDatasets.html:63:1 (browseDatasets.Rd:21): Warning: missing </ul> before </div>
datasets.html:58:1 (datasets.Rd:16): Warning: missing </ul> before </div>
getDatasetInfo.html:63:1 (getDatasetInfo.Rd:21): Warning: missing </ul> before </div>
print.browseDatasets.html:51:1 (print.browseDatasets.Rd:12): Warning: missing </ul> before </div>
print.datasets.html:51:1 (print.datasets.Rd:12): Warning: missing </ul> before </div>
printDatasets.html:63:1 (printDatasets.Rd:21): Warning: missing </ul> before </div>
promptDatasets.html:63:1 (promptDatasets.Rd:21): Warning: missing </ul> before </div>
Flavor: r-devel-linux-x86_64-debian-gcc