Last updated on 2025-07-04 09:49:48 CEST.
Flavor | Version | Tinstall | Tcheck | Ttotal | Status | Flags |
---|---|---|---|---|---|---|
r-devel-linux-x86_64-debian-clang | 0.9-32 | 46.14 | 142.30 | 188.44 | OK | |
r-devel-linux-x86_64-debian-gcc | 0.9-32 | 33.06 | 94.00 | 127.06 | OK | |
r-devel-linux-x86_64-fedora-clang | 0.9-32 | 340.50 | OK | |||
r-devel-linux-x86_64-fedora-gcc | 0.9-32 | 320.77 | OK | |||
r-devel-windows-x86_64 | 0.9-32 | 72.00 | 180.00 | 252.00 | OK | |
r-patched-linux-x86_64 | 0.9-32 | 44.97 | 125.93 | 170.90 | OK | |
r-release-linux-x86_64 | 0.9-32 | 42.40 | 127.18 | 169.58 | OK | |
r-release-macos-arm64 | 0.9-32 | 121.00 | OK | |||
r-release-macos-x86_64 | 0.9-32 | 306.00 | OK | |||
r-release-windows-x86_64 | 0.9-32 | 73.00 | 181.00 | 254.00 | OK | |
r-oldrel-macos-arm64 | 0.9-32 | 105.00 | NOTE | |||
r-oldrel-macos-x86_64 | 0.9-32 | 309.00 | OK | |||
r-oldrel-windows-x86_64 | 0.9-32 | 74.00 | 218.00 | 292.00 | OK |
Version: 0.9-32
Check: package vignettes
Result: NOTE
Package has ‘vignettes’ subdirectory but apparently no vignettes.
Perhaps the ‘VignetteBuilder’ information is missing from the
DESCRIPTION file?
Flavor: r-oldrel-macos-arm64