Last updated on 2025-10-22 09:50:30 CEST.
Flavor | Version | Tinstall | Tcheck | Ttotal | Status | Flags |
---|---|---|---|---|---|---|
r-devel-linux-x86_64-debian-clang | 0.7.9 | 34.16 | 63.44 | 97.60 | NOTE | |
r-devel-linux-x86_64-debian-gcc | 0.7.9 | 24.85 | 45.90 | 70.75 | NOTE | |
r-devel-linux-x86_64-fedora-clang | 0.7.9 | 95.00 | 53.68 | 148.68 | OK | |
r-devel-linux-x86_64-fedora-gcc | 0.7.9 | 90.00 | 57.52 | 147.52 | OK | |
r-devel-windows-x86_64 | 0.7.9 | 35.00 | 109.00 | 144.00 | OK | |
r-patched-linux-x86_64 | 0.7.9 | 37.46 | 54.95 | 92.41 | OK | |
r-release-linux-x86_64 | 0.7.9 | 34.96 | 54.38 | 89.34 | OK | |
r-release-macos-arm64 | 0.7.9 | 14.00 | 30.00 | 44.00 | OK | |
r-release-macos-x86_64 | 0.7.9 | 31.00 | 58.00 | 89.00 | OK | |
r-release-windows-x86_64 | 0.7.9 | 37.00 | 110.00 | 147.00 | OK | |
r-oldrel-macos-arm64 | 0.7.9 | 17.00 | 30.00 | 47.00 | OK | |
r-oldrel-macos-x86_64 | 0.7.9 | 29.00 | 81.00 | 110.00 | OK | |
r-oldrel-windows-x86_64 | 0.7.9 | 35.00 | 129.00 | 164.00 | OK |
Version: 0.7.9
Check: HTML version of manual
Result: NOTE
Found the following HTML validation problems:
plot.dbn.html:52:1 (plot.dbn.Rd:12): Warning: missing </ul> before </div>
plot.dbn.fit.html:52:1 (plot.dbn.fit.Rd:12): Warning: missing </ul> before </div>
print.dbn.html:51:1 (print.dbn.Rd:12): Warning: missing </ul> before </div>
print.dbn.fit.html:51:1 (print.dbn.fit.Rd:12): Warning: missing </ul> before </div>
Flavors: r-devel-linux-x86_64-debian-clang, r-devel-linux-x86_64-debian-gcc