CRAN Package Check Results for Package describer

Last updated on 2025-07-04 09:49:48 CEST.

Flavor Version Tinstall Tcheck Ttotal Status Flags
r-devel-linux-x86_64-debian-clang 0.2.0 1.55 19.92 21.47 OK
r-devel-linux-x86_64-debian-gcc 0.2.0 1.40 16.94 18.34 OK
r-devel-linux-x86_64-fedora-clang 0.2.0 31.06 OK
r-devel-linux-x86_64-fedora-gcc 0.2.0 29.29 OK
r-devel-windows-x86_64 0.2.0 3.00 39.00 42.00 OK
r-patched-linux-x86_64 0.2.0 1.66 17.42 19.08 OK
r-release-linux-x86_64 0.2.0 1.61 17.23 18.84 OK
r-release-macos-arm64 0.2.0 16.00 OK
r-release-macos-x86_64 0.2.0 23.00 OK
r-release-windows-x86_64 0.2.0 2.00 42.00 44.00 OK
r-oldrel-macos-arm64 0.2.0 15.00 NOTE
r-oldrel-macos-x86_64 0.2.0 22.00 NOTE
r-oldrel-windows-x86_64 0.2.0 3.00 44.00 47.00 NOTE

Check Details

Version: 0.2.0
Check: LazyData
Result: NOTE 'LazyData' is specified without a 'data' directory Flavors: r-oldrel-macos-arm64, r-oldrel-macos-x86_64, r-oldrel-windows-x86_64