CRAN Package Check Results for Package dgumbel

Last updated on 2025-10-22 09:50:30 CEST.

Flavor Version Tinstall Tcheck Ttotal Status Flags
r-devel-linux-x86_64-debian-clang 1.0.1 14.19 23.87 38.06 NOTE
r-devel-linux-x86_64-debian-gcc 1.0.1 10.94 19.85 30.79 NOTE
r-devel-linux-x86_64-fedora-clang 1.0.1 52.00 17.69 69.69 NOTE
r-devel-linux-x86_64-fedora-gcc 1.0.1 26.00 35.77 61.77 NOTE
r-devel-windows-x86_64 1.0.1 20.00 59.00 79.00 NOTE
r-patched-linux-x86_64 1.0.1 14.89 22.90 37.79 NOTE
r-release-linux-x86_64 1.0.1 14.58 22.96 37.54 NOTE
r-release-macos-arm64 1.0.1 7.00 16.00 23.00 NOTE
r-release-macos-x86_64 1.0.1 10.00 25.00 35.00 NOTE
r-release-windows-x86_64 1.0.1 20.00 60.00 80.00 NOTE
r-oldrel-macos-arm64 1.0.1 7.00 15.00 22.00 NOTE
r-oldrel-macos-x86_64 1.0.1 9.00 23.00 32.00 NOTE
r-oldrel-windows-x86_64 1.0.1 23.00 67.00 90.00 NOTE

Check Details

Version: 1.0.1
Check: C++ specification
Result: NOTE Specified C++11: please drop specification unless essential Flavors: r-devel-linux-x86_64-debian-clang, r-devel-linux-x86_64-debian-gcc, r-devel-linux-x86_64-fedora-clang, r-devel-linux-x86_64-fedora-gcc, r-devel-windows-x86_64, r-patched-linux-x86_64, r-release-linux-x86_64, r-release-macos-arm64, r-release-macos-x86_64, r-release-windows-x86_64, r-oldrel-macos-arm64, r-oldrel-macos-x86_64, r-oldrel-windows-x86_64