Last updated on 2025-10-22 09:50:31 CEST.
Flavor | Version | Tinstall | Tcheck | Ttotal | Status | Flags |
---|---|---|---|---|---|---|
r-devel-linux-x86_64-debian-clang | 0.3.1 | 44.91 | 83.30 | 128.21 | NOTE | |
r-devel-linux-x86_64-debian-gcc | 0.3.1 | 29.27 | 61.20 | 90.47 | NOTE | |
r-devel-linux-x86_64-fedora-clang | 0.3.1 | 296.00 | -63.79 | 232.21 | NOTE | |
r-devel-linux-x86_64-fedora-gcc | 0.3.1 | 99.00 | 121.14 | 220.14 | NOTE | |
r-devel-windows-x86_64 | 0.3.1 | 64.00 | 130.00 | 194.00 | NOTE | |
r-patched-linux-x86_64 | 0.3.1 | 46.55 | 78.83 | 125.38 | NOTE | |
r-release-linux-x86_64 | 0.3.1 | 45.24 | 79.87 | 125.11 | NOTE | |
r-release-macos-arm64 | 0.3.1 | 18.00 | 50.00 | 68.00 | NOTE | |
r-release-macos-x86_64 | 0.3.1 | 23.00 | 89.00 | 112.00 | NOTE | |
r-release-windows-x86_64 | 0.3.1 | 66.00 | 139.00 | 205.00 | NOTE | |
r-oldrel-macos-arm64 | 0.3.1 | 17.00 | 52.00 | 69.00 | OK | |
r-oldrel-macos-x86_64 | 0.3.1 | 23.00 | 91.00 | 114.00 | OK | |
r-oldrel-windows-x86_64 | 0.3.1 | 78.00 | 162.00 | 240.00 | OK |
Version: 0.3.1
Check: compiled code
Result: NOTE
File ‘dipsaus/libs/dipsaus.so’:
Found non-API call to R: ‘ENCLOS’
Compiled code should not call non-API entry points in R.
See ‘Writing portable packages’ in the ‘Writing R Extensions’ manual,
and section ‘Moving into C API compliance’ for issues with the use of
non-API entry points.
Flavors: r-devel-linux-x86_64-debian-clang, r-devel-linux-x86_64-debian-gcc, r-devel-linux-x86_64-fedora-clang, r-devel-linux-x86_64-fedora-gcc, r-patched-linux-x86_64, r-release-linux-x86_64
Version: 0.3.1
Check: HTML version of manual
Result: NOTE
Found the following HTML validation problems:
use_shiny_dipsaus.html:47:1 (use_shiny_dipsaus.Rd:10): Warning: missing </ul> before </div>
Flavors: r-devel-linux-x86_64-debian-clang, r-devel-linux-x86_64-debian-gcc
Version: 0.3.1
Check: compiled code
Result: NOTE
File 'dipsaus/libs/x64/dipsaus.dll':
Found non-API call to R: 'ENCLOS'
Compiled code should not call non-API entry points in R.
See 'Writing portable packages' in the 'Writing R Extensions' manual,
and section 'Moving into C API compliance' for issues with the use of
non-API entry points.
Flavors: r-devel-windows-x86_64, r-release-windows-x86_64
Version: 0.3.1
Check: compiled code
Result: NOTE
File ‘dipsaus/libs/dipsaus.so’:
Found non-API calls to R: ‘CLOENV’, ‘ENCLOS’
Compiled code should not call non-API entry points in R.
See ‘Writing portable packages’ in the ‘Writing R Extensions’ manual,
and section ‘Moving into C API compliance’ for issues with the use of
non-API entry points.
Flavors: r-release-macos-arm64, r-release-macos-x86_64