Last updated on 2025-10-22 09:50:31 CEST.
Flavor | Version | Tinstall | Tcheck | Ttotal | Status | Flags |
---|---|---|---|---|---|---|
r-devel-linux-x86_64-debian-clang | 0.1.0 | 6.15 | 56.91 | 63.06 | NOTE | |
r-devel-linux-x86_64-debian-gcc | 0.1.0 | 5.52 | 42.88 | 48.40 | NOTE | |
r-devel-linux-x86_64-fedora-clang | 0.1.0 | 17.00 | 80.55 | 97.55 | OK | |
r-devel-linux-x86_64-fedora-gcc | 0.1.0 | 14.00 | 77.87 | 91.87 | OK | |
r-devel-windows-x86_64 | 0.1.0 | 8.00 | 63.00 | 71.00 | OK | |
r-patched-linux-x86_64 | 0.1.0 | 6.40 | 54.83 | 61.23 | OK | |
r-release-linux-x86_64 | 0.1.0 | 6.12 | 54.39 | 60.51 | OK | |
r-release-macos-arm64 | 0.1.0 | 4.00 | 32.00 | 36.00 | OK | |
r-release-macos-x86_64 | 0.1.0 | 7.00 | 54.00 | 61.00 | OK | |
r-release-windows-x86_64 | 0.1.0 | 8.00 | 66.00 | 74.00 | OK | |
r-oldrel-macos-arm64 | 0.1.0 | 3.00 | 25.00 | 28.00 | OK | |
r-oldrel-macos-x86_64 | 0.1.0 | 8.00 | 42.00 | 50.00 | OK | |
r-oldrel-windows-x86_64 | 0.1.0 | 10.00 | 82.00 | 92.00 | OK |
Version: 0.1.0
Check: CRAN incoming feasibility
Result: NOTE
Maintainer: ‘Yuhao Wang <yuhaow.thu@gmail.com>’
The Description field contains
High-Dimensional Confounders" <arXiv:2011.08661>. The package relies on
Please refer to arXiv e-prints via their arXiv DOI <doi:10.48550/arXiv.YYMM.NNNNN>.
Flavors: r-devel-linux-x86_64-debian-clang, r-devel-linux-x86_64-debian-gcc