Last updated on 2025-10-21 09:48:29 CEST.
Flavor | Version | Tinstall | Tcheck | Ttotal | Status | Flags |
---|---|---|---|---|---|---|
r-devel-linux-x86_64-debian-clang | 0.4.2 | 4.52 | 111.82 | 116.34 | OK | |
r-devel-linux-x86_64-debian-gcc | 0.4.2 | 3.46 | 72.35 | 75.81 | NOTE | |
r-devel-linux-x86_64-fedora-clang | 0.4.2 | 181.37 | OK | |||
r-devel-linux-x86_64-fedora-gcc | 0.4.2 | 182.18 | OK | |||
r-devel-windows-x86_64 | 0.4.2 | 7.00 | 133.00 | 140.00 | OK | |
r-patched-linux-x86_64 | 0.4.2 | 5.42 | 104.87 | 110.29 | OK | |
r-release-linux-x86_64 | 0.4.2 | 4.26 | 105.82 | 110.08 | OK | |
r-release-macos-arm64 | 0.4.2 | 66.00 | OK | |||
r-release-macos-x86_64 | 0.4.2 | 120.00 | OK | |||
r-release-windows-x86_64 | 0.4.2 | 7.00 | 138.00 | 145.00 | OK | |
r-oldrel-macos-arm64 | 0.4.2 | 53.00 | OK | |||
r-oldrel-macos-x86_64 | 0.4.2 | 107.00 | OK | |||
r-oldrel-windows-x86_64 | 0.4.2 | 8.00 | 160.00 | 168.00 | OK |
Version: 0.4.2
Check: HTML version of manual
Result: NOTE
Found the following HTML validation problems:
DirichletHMMCreate.html:58:1 (DirichletHMMCreate.Rd:16): Warning: missing </ul> before </div>
DirichletProcessCreate.html:64:1 (DirichletProcessCreate.Rd:21): Warning: missing </ul> before </div>
DirichletProcessMvnormal.html:63:1 (DirichletProcessMvnormal.Rd:21): Warning: missing </ul> before </div>
DirichletProcessMvnormal2.html:54:1 (DirichletProcessMvnormal2.Rd:14): Warning: missing </ul> before </div>
GlobalParameterUpdate.html:46:1 (GlobalParameterUpdate.Rd:10): Warning: missing </ul> before </div>
LikelihoodDP.html:46:1 (LikelihoodDP.Rd:10): Warning: missing </ul> before </div>
MixingDistribution.html:69:1 (MixingDistribution.Rd:24): Warning: missing </ul> before </div>
Mvnormal2Create.html:46:1 (Mvnormal2Create.Rd:10): Warning: missing </ul> before </div>
MvnormalCreate.html:46:1 (MvnormalCreate.Rd:10): Warning: missing </ul> before </div>
PenalisedLikelihood.html:57:1 (PenalisedLikelihood.Rd:19): Warning: missing </ul> before </div>
PriorDensity.html:59:1 (PriorDensity.Rd:22): Warning: missing </ul> before </div>
UpdateAlphaBeta.html:46:1 (UpdateAlphaBeta.Rd:10): Warning: missing </ul> before </div>
Flavor: r-devel-linux-x86_64-debian-gcc