CRAN Package Check Results for Package discretefit

Last updated on 2025-10-22 09:50:31 CEST.

Flavor Version Tinstall Tcheck Ttotal Status Flags
r-devel-linux-x86_64-debian-clang 0.1.2 16.39 40.68 57.07 NOTE
r-devel-linux-x86_64-debian-gcc 0.1.2 11.98 29.81 41.79 NOTE
r-devel-linux-x86_64-fedora-clang 0.1.2 59.00 42.07 101.07 NOTE
r-devel-linux-x86_64-fedora-gcc 0.1.2 29.00 76.10 105.10 NOTE
r-devel-windows-x86_64 0.1.2 21.00 71.00 92.00 NOTE
r-patched-linux-x86_64 0.1.2 16.95 37.41 54.36 NOTE
r-release-linux-x86_64 0.1.2 17.61 37.00 54.61 NOTE
r-release-macos-arm64 0.1.2 8.00 27.00 35.00 NOTE
r-release-macos-x86_64 0.1.2 10.00 50.00 60.00 NOTE
r-release-windows-x86_64 0.1.2 21.00 74.00 95.00 NOTE
r-oldrel-macos-arm64 0.1.2 9.00 26.00 35.00 NOTE
r-oldrel-macos-x86_64 0.1.2 9.00 40.00 49.00 NOTE
r-oldrel-windows-x86_64 0.1.2 23.00 88.00 111.00 NOTE

Check Details

Version: 0.1.2
Check: C++ specification
Result: NOTE Specified C++11: please drop specification unless essential Flavors: r-devel-linux-x86_64-debian-clang, r-devel-linux-x86_64-debian-gcc, r-devel-linux-x86_64-fedora-clang, r-devel-linux-x86_64-fedora-gcc, r-devel-windows-x86_64, r-patched-linux-x86_64, r-release-linux-x86_64, r-release-macos-arm64, r-release-macos-x86_64, r-release-windows-x86_64, r-oldrel-macos-arm64, r-oldrel-macos-x86_64, r-oldrel-windows-x86_64