Last updated on 2025-10-22 09:50:31 CEST.
Flavor | Version | Tinstall | Tcheck | Ttotal | Status | Flags |
---|---|---|---|---|---|---|
r-devel-linux-x86_64-debian-clang | 2.8.4 | 28.89 | 79.73 | 108.62 | NOTE | |
r-devel-linux-x86_64-debian-gcc | 2.8.4 | 16.80 | 57.88 | 74.68 | NOTE | |
r-devel-linux-x86_64-fedora-clang | 2.8.4 | 79.00 | 91.47 | 170.47 | OK | |
r-devel-linux-x86_64-fedora-gcc | 2.8.4 | 58.00 | 101.67 | 159.67 | OK | |
r-devel-windows-x86_64 | 2.8.4 | 26.00 | 95.00 | 121.00 | OK | |
r-patched-linux-x86_64 | 2.8.4 | 25.42 | 75.70 | 101.12 | OK | |
r-release-linux-x86_64 | 2.8.4 | 24.22 | 75.62 | 99.84 | OK | |
r-release-macos-arm64 | 2.8.4 | 11.00 | 35.00 | 46.00 | OK | |
r-release-macos-x86_64 | 2.8.4 | 24.00 | 67.00 | 91.00 | OK | |
r-release-windows-x86_64 | 2.8.4 | 28.00 | 97.00 | 125.00 | OK | |
r-oldrel-macos-arm64 | 2.8.4 | 13.00 | 39.00 | 52.00 | OK | |
r-oldrel-macos-x86_64 | 2.8.4 | 38.00 | 73.00 | 111.00 | OK | |
r-oldrel-windows-x86_64 | 2.8.4 | 39.00 | 118.00 | 157.00 | OK |
Version: 2.8.4
Check: HTML version of manual
Result: NOTE
Found the following HTML validation problems:
0distrEllipse-package.html:146:1 (0distrEllipse-package.Rd:98): Warning: <h3> anchor "Start-up-Banner" already defined
Flavors: r-devel-linux-x86_64-debian-clang, r-devel-linux-x86_64-debian-gcc