Last updated on 2025-10-22 09:50:31 CEST.
Flavor | Version | Tinstall | Tcheck | Ttotal | Status | Flags |
---|---|---|---|---|---|---|
r-devel-linux-x86_64-debian-clang | 2.1.1 | 6.65 | 119.92 | 126.57 | NOTE | |
r-devel-linux-x86_64-debian-gcc | 2.1.1 | 4.66 | 83.98 | 88.64 | NOTE | |
r-devel-linux-x86_64-fedora-clang | 2.1.1 | 22.00 | 180.29 | 202.29 | OK | |
r-devel-linux-x86_64-fedora-gcc | 2.1.1 | 13.00 | 183.43 | 196.43 | OK | |
r-devel-windows-x86_64 | 2.1.1 | 9.00 | 127.00 | 136.00 | OK | |
r-patched-linux-x86_64 | 2.1.1 | 6.90 | 112.10 | 119.00 | OK | |
r-release-linux-x86_64 | 2.1.1 | 6.49 | 111.86 | 118.35 | OK | |
r-release-macos-arm64 | 2.1.1 | 3.00 | 57.00 | 60.00 | OK | |
r-release-macos-x86_64 | 2.1.1 | 6.00 | 109.00 | 115.00 | OK | |
r-release-windows-x86_64 | 2.1.1 | 10.00 | 130.00 | 140.00 | OK | |
r-oldrel-macos-arm64 | 2.1.1 | 3.00 | 59.00 | 62.00 | OK | |
r-oldrel-macos-x86_64 | 2.1.1 | 6.00 | 112.00 | 118.00 | OK | |
r-oldrel-windows-x86_64 | 2.1.1 | 12.00 | 161.00 | 173.00 | OK |
Version: 2.1.1
Check: HTML version of manual
Result: NOTE
Found the following HTML validation problems:
getEqualRowId.html:50:1 (getEqualRowId.Rd:12): Warning: missing </ul> before </div>
replaceTermsInString.html:50:1 (replaceTermsInString.Rd:12): Warning: missing </ul> before </div>
Flavors: r-devel-linux-x86_64-debian-clang, r-devel-linux-x86_64-debian-gcc