Last updated on 2025-10-22 09:50:31 CEST.
Flavor | Version | Tinstall | Tcheck | Ttotal | Status | Flags |
---|---|---|---|---|---|---|
r-devel-linux-x86_64-debian-clang | 1.3.3 | 1.86 | 23.87 | 25.73 | NOTE | |
r-devel-linux-x86_64-debian-gcc | 1.3.3 | 1.46 | 19.33 | 20.79 | NOTE | |
r-devel-linux-x86_64-fedora-clang | 1.3.3 | 38.48 | OK | |||
r-devel-linux-x86_64-fedora-gcc | 1.3.3 | 35.91 | OK | |||
r-devel-windows-x86_64 | 1.3.3 | 4.00 | 44.00 | 48.00 | OK | |
r-patched-linux-x86_64 | 1.3.3 | 2.19 | 22.48 | 24.67 | OK | |
r-release-linux-x86_64 | 1.3.3 | 1.73 | 22.30 | 24.03 | OK | |
r-release-macos-arm64 | 1.3.3 | 1.00 | 28.00 | 29.00 | OK | |
r-release-macos-x86_64 | 1.3.3 | 2.00 | 27.00 | 29.00 | OK | |
r-release-windows-x86_64 | 1.3.3 | 3.00 | 46.00 | 49.00 | OK | |
r-oldrel-macos-arm64 | 1.3.3 | 1.00 | 15.00 | 16.00 | OK | |
r-oldrel-macos-x86_64 | 1.3.3 | 2.00 | 20.00 | 22.00 | OK | |
r-oldrel-windows-x86_64 | 1.3.3 | 4.00 | 52.00 | 56.00 | OK |
Version: 1.3.3
Check: CRAN incoming feasibility
Result: NOTE
Maintainer: ‘Andrew Redd <Andrew.Redd@hsc.utah.edu>’
No Authors@R field in DESCRIPTION.
Please add one, modifying
Authors@R: person(given = "Andrew",
family = "Redd",
role = c("aut", "cre"),
email = "Andrew.Redd@hsc.utah.edu")
as necessary.
Flavors: r-devel-linux-x86_64-debian-clang, r-devel-linux-x86_64-debian-gcc
Version: 1.3.3
Check: HTML version of manual
Result: NOTE
Found the following HTML validation problems:
capply.html:58:1 (capply.Rd:16): Warning: missing </ul> before </div>
fill_v.html:58:1 (fill_v.Rd:16): Warning: missing </ul> before </div>
head-tail-utils.Rd.html:56:1 (head-tail-utils.Rd.Rd:17): Warning: missing </ul> before </div>
listrows.html:46:1 (listrows.Rd:10): Warning: missing </ul> before </div>
make_new_id.html:46:1 (make_new_id.Rd:10): Warning: missing </ul> before </div>
redirf.html:51:1 (redirf.Rd:12): Warning: missing </ul> before </div>
Flavors: r-devel-linux-x86_64-debian-clang, r-devel-linux-x86_64-debian-gcc