Last updated on 2025-10-22 09:50:31 CEST.
Flavor | Version | Tinstall | Tcheck | Ttotal | Status | Flags |
---|---|---|---|---|---|---|
r-devel-linux-x86_64-debian-clang | 1.0.65 | 25.04 | 123.73 | 148.77 | NOTE | |
r-devel-linux-x86_64-debian-gcc | 1.0.65 | 13.39 | 82.39 | 95.78 | NOTE | |
r-devel-linux-x86_64-fedora-clang | 1.0.65 | 122.00 | 123.66 | 245.66 | OK | |
r-devel-linux-x86_64-fedora-gcc | 1.0.65 | 94.00 | 136.41 | 230.41 | OK | |
r-devel-windows-x86_64 | 1.0.65 | 24.00 | 116.00 | 140.00 | OK | |
r-patched-linux-x86_64 | 1.0.65 | 19.95 | 113.69 | 133.64 | OK | |
r-release-linux-x86_64 | 1.0.65 | 19.67 | 113.12 | 132.79 | OK | |
r-release-macos-arm64 | 1.0.65 | 9.00 | 44.00 | 53.00 | OK | |
r-release-macos-x86_64 | 1.0.65 | 19.00 | 86.00 | 105.00 | OK | |
r-release-windows-x86_64 | 1.0.65 | 23.00 | 118.00 | 141.00 | OK | |
r-oldrel-macos-arm64 | 1.0.65 | 10.00 | 49.00 | 59.00 | OK | |
r-oldrel-macos-x86_64 | 1.0.65 | 18.00 | 88.00 | 106.00 | OK | |
r-oldrel-windows-x86_64 | 1.0.65 | 33.00 | 156.00 | 189.00 | OK |
Version: 1.0.65
Check: HTML version of manual
Result: NOTE
Found the following HTML validation problems:
internal-Functions.html:60:1 (internal-Functions.Rd:17): Warning: missing </ul> before </div>
Flavors: r-devel-linux-x86_64-debian-clang, r-devel-linux-x86_64-debian-gcc