Last updated on 2025-10-22 09:50:31 CEST.
Flavor | Version | Tinstall | Tcheck | Ttotal | Status | Flags |
---|---|---|---|---|---|---|
r-devel-linux-x86_64-debian-clang | 0.3.3 | 9.87 | 27.41 | 37.28 | NOTE | |
r-devel-linux-x86_64-debian-gcc | 0.3.3 | 7.11 | 22.33 | 29.44 | NOTE | |
r-devel-linux-x86_64-fedora-clang | 0.3.3 | 33.00 | 27.94 | 60.94 | NOTE | |
r-devel-linux-x86_64-fedora-gcc | 0.3.3 | 16.00 | 38.84 | 54.84 | NOTE | |
r-devel-windows-x86_64 | 0.3.3 | 14.00 | 61.00 | 75.00 | NOTE | |
r-patched-linux-x86_64 | 0.3.3 | 9.51 | 24.95 | 34.46 | NOTE | |
r-release-linux-x86_64 | 0.3.3 | 9.55 | 24.67 | 34.22 | NOTE | |
r-release-macos-arm64 | 0.3.3 | 7.00 | 19.00 | 26.00 | NOTE | |
r-release-macos-x86_64 | 0.3.3 | 8.00 | 29.00 | 37.00 | NOTE | |
r-release-windows-x86_64 | 0.3.3 | 14.00 | 62.00 | 76.00 | NOTE | |
r-oldrel-macos-arm64 | 0.3.3 | 6.00 | 17.00 | 23.00 | NOTE | |
r-oldrel-macos-x86_64 | 0.3.3 | 8.00 | 23.00 | 31.00 | NOTE | |
r-oldrel-windows-x86_64 | 0.3.3 | 17.00 | 75.00 | 92.00 | NOTE |
Version: 0.3.3
Check: C++ specification
Result: NOTE
Specified C++11: please drop specification unless essential
Flavors: r-devel-linux-x86_64-debian-clang, r-devel-linux-x86_64-debian-gcc, r-devel-linux-x86_64-fedora-clang, r-devel-linux-x86_64-fedora-gcc, r-devel-windows-x86_64, r-patched-linux-x86_64, r-release-linux-x86_64, r-release-macos-arm64, r-release-macos-x86_64, r-release-windows-x86_64, r-oldrel-macos-arm64, r-oldrel-macos-x86_64, r-oldrel-windows-x86_64