CRAN Package Check Results for Package duawranglr

Last updated on 2025-10-22 09:50:31 CEST.

Flavor Version Tinstall Tcheck Ttotal Status Flags
r-devel-linux-x86_64-debian-clang 0.6.7 1.79 33.43 35.22 OK
r-devel-linux-x86_64-debian-gcc 0.6.7 1.63 26.60 28.23 OK
r-devel-linux-x86_64-fedora-clang 0.6.7 56.07 NOTE
r-devel-linux-x86_64-fedora-gcc 0.6.7 68.27 NOTE
r-devel-windows-x86_64 0.6.7 4.00 54.00 58.00 OK
r-patched-linux-x86_64 0.6.7 2.55 31.69 34.24 OK
r-release-linux-x86_64 0.6.7 2.31 31.64 33.95 OK
r-release-macos-arm64 0.6.7 1.00 35.00 36.00 OK
r-release-macos-x86_64 0.6.7 2.00 47.00 49.00 OK
r-release-windows-x86_64 0.6.7 4.00 56.00 60.00 OK
r-oldrel-macos-arm64 0.6.7 1.00 26.00 27.00 OK
r-oldrel-macos-x86_64 0.6.7 2.00 39.00 41.00 OK
r-oldrel-windows-x86_64 0.6.7 5.00 61.00 66.00 OK

Check Details

Version: 0.6.7
Check: dependencies in R code
Result: NOTE Namespaces in Imports field not imported from: ‘digest’ ‘dplyr’ All declared Imports should be used. Flavors: r-devel-linux-x86_64-fedora-clang, r-devel-linux-x86_64-fedora-gcc