Last updated on 2025-10-23 09:50:43 CEST.
| Flavor | Version | Tinstall | Tcheck | Ttotal | Status | Flags |
|---|---|---|---|---|---|---|
| r-devel-linux-x86_64-debian-clang | 1.2.1 | 3.25 | 27.33 | 30.58 | NOTE | |
| r-devel-linux-x86_64-debian-gcc | 1.2.1 | 2.66 | 21.89 | 24.55 | OK | |
| r-devel-linux-x86_64-fedora-clang | 1.2.1 | 11.00 | 33.82 | 44.82 | OK | |
| r-devel-linux-x86_64-fedora-gcc | 1.2.1 | 42.77 | OK | |||
| r-devel-windows-x86_64 | 1.2.1 | 4.00 | 46.00 | 50.00 | OK | |
| r-patched-linux-x86_64 | 1.2.1 | 3.96 | 24.80 | 28.76 | OK | |
| r-release-linux-x86_64 | 1.2.1 | 2.93 | 24.67 | 27.60 | OK | |
| r-release-macos-arm64 | 1.2.1 | 2.00 | 16.00 | 18.00 | OK | |
| r-release-macos-x86_64 | 1.2.1 | 3.00 | 27.00 | 30.00 | OK | |
| r-release-windows-x86_64 | 1.2.1 | 6.00 | 48.00 | 54.00 | OK | |
| r-oldrel-macos-arm64 | 1.2.1 | 2.00 | 16.00 | 18.00 | OK | |
| r-oldrel-macos-x86_64 | 1.2.1 | 3.00 | 21.00 | 24.00 | OK | |
| r-oldrel-windows-x86_64 | 1.2.1 | 6.00 | 55.00 | 61.00 | OK |
Version: 1.2.1
Check: HTML version of manual
Result: NOTE
Found the following HTML validation problems:
initialize-Counts-method.html:55:1 (initialize-Counts-method.Rd:14): Warning: missing </ul> before </div>
Flavor: r-devel-linux-x86_64-debian-clang