CRAN Package Check Results for Package dwp

Last updated on 2025-07-04 09:49:49 CEST.

Flavor Version Tinstall Tcheck Ttotal Status Flags
r-devel-linux-x86_64-debian-clang 1.1 7.69 45.27 52.96 NOTE
r-devel-linux-x86_64-debian-gcc 1.1 5.34 32.92 38.26 NOTE
r-devel-linux-x86_64-fedora-clang 1.1 82.38 NOTE
r-devel-linux-x86_64-fedora-gcc 1.1 83.30 NOTE
r-devel-windows-x86_64 1.1 10.00 68.00 78.00 OK
r-patched-linux-x86_64 1.1 9.24 42.97 52.21 OK
r-release-linux-x86_64 1.1 7.58 42.51 50.09 OK
r-release-macos-arm64 1.1 24.00 OK
r-release-macos-x86_64 1.1 43.00 OK
r-release-windows-x86_64 1.1 10.00 70.00 80.00 OK
r-oldrel-macos-arm64 1.1 27.00 OK
r-oldrel-macos-x86_64 1.1 36.00 OK
r-oldrel-windows-x86_64 1.1 14.00 78.00 92.00 OK

Check Details

Version: 1.1
Check: CRAN incoming feasibility
Result: NOTE Maintainer: ‘Daniel Dalthorp <ddalthorp@protonmail.com>’ The Description field contains mortality, following Dalthorp, et al. (2022) <arXiv:2201.10064>. Please refer to arXiv e-prints via their arXiv DOI <doi:10.48550/arXiv.YYMM.NNNNN>. Flavors: r-devel-linux-x86_64-debian-clang, r-devel-linux-x86_64-debian-gcc

Version: 1.1
Check: dependencies in R code
Result: NOTE Namespaces in Imports field not imported from: ‘GenEst’ ‘expint’ ‘numDeriv’ All declared Imports should be used. Flavors: r-devel-linux-x86_64-fedora-clang, r-devel-linux-x86_64-fedora-gcc