CRAN Package Check Results for Package dydea

Last updated on 2025-07-04 09:49:49 CEST.

Flavor Version Tinstall Tcheck Ttotal Status Flags
r-devel-linux-x86_64-debian-clang 0.1.0 2.07 28.79 30.86 OK
r-devel-linux-x86_64-debian-gcc 0.1.0 1.43 22.77 24.20 OK
r-devel-linux-x86_64-fedora-clang 0.1.0 51.08 OK
r-devel-linux-x86_64-fedora-gcc 0.1.0 44.88 OK
r-devel-windows-x86_64 0.1.0 3.00 50.00 53.00 OK
r-patched-linux-x86_64 0.1.0 2.14 27.22 29.36 OK
r-release-linux-x86_64 0.1.0 1.83 26.47 28.30 OK
r-release-macos-arm64 0.1.0 23.00 OK
r-release-macos-x86_64 0.1.0 35.00 OK
r-release-windows-x86_64 0.1.0 3.00 53.00 56.00 OK
r-oldrel-macos-arm64 0.1.0 20.00 NOTE
r-oldrel-macos-x86_64 0.1.0 28.00 NOTE
r-oldrel-windows-x86_64 0.1.0 3.00 52.00 55.00 NOTE

Check Details

Version: 0.1.0
Check: LazyData
Result: NOTE 'LazyData' is specified without a 'data' directory Flavors: r-oldrel-macos-arm64, r-oldrel-macos-x86_64, r-oldrel-windows-x86_64